Last updated on 2024-08-07 00:49:17 CEST.
Flavor | Version | Tinstall | Tcheck | Ttotal | Status | Flags |
---|---|---|---|---|---|---|
r-devel-linux-x86_64-debian-clang | 0.2.6 | 117.47 | 98.31 | 215.78 | OK | |
r-devel-linux-x86_64-debian-gcc | 0.2.6 | 91.38 | 97.05 | 188.43 | OK | |
r-devel-linux-x86_64-fedora-clang | 0.2.6 | 370.38 | NOTE | |||
r-devel-linux-x86_64-fedora-gcc | 0.2.6 | 455.89 | NOTE | |||
r-devel-windows-x86_64 | 0.2.6 | 120.00 | 170.00 | 290.00 | OK | |
r-patched-linux-x86_64 | 0.2.6 | 125.45 | 104.95 | 230.40 | OK | |
r-release-linux-x86_64 | 0.2.6 | 129.99 | 104.48 | 234.47 | OK | |
r-release-macos-arm64 | 0.2.6 | 97.00 | NOTE | |||
r-release-macos-x86_64 | 0.2.6 | 122.00 | NOTE | |||
r-release-windows-x86_64 | 0.2.6 | 120.00 | 175.00 | 295.00 | OK | |
r-oldrel-macos-arm64 | 0.2.6 | 97.00 | NOTE | |||
r-oldrel-macos-x86_64 | 0.2.6 | 134.00 | NOTE | |||
r-oldrel-windows-x86_64 | 0.2.6 | 140.00 | 184.00 | 324.00 | OK |
Version: 0.2.6
Check: dependencies in R code
Result: NOTE
Namespace in Imports field not imported from: ‘ordinal’
All declared Imports should be used.
Flavors: r-devel-linux-x86_64-fedora-clang, r-devel-linux-x86_64-fedora-gcc
Version: 0.2.6
Check: installed package size
Result: NOTE
installed size is 24.4Mb
sub-directories of 1Mb or more:
libs 23.9Mb
Flavors: r-release-macos-arm64, r-release-macos-x86_64, r-oldrel-macos-arm64, r-oldrel-macos-x86_64