Last updated on 2024-08-07 00:49:18 CEST.
Flavor | Version | Tinstall | Tcheck | Ttotal | Status | Flags |
---|---|---|---|---|---|---|
r-devel-linux-x86_64-debian-clang | 0.1.7 | 88.28 | 57.87 | 146.15 | OK | |
r-devel-linux-x86_64-debian-gcc | 0.1.7 | 57.60 | 48.53 | 106.13 | OK | |
r-devel-linux-x86_64-fedora-clang | 0.1.7 | 291.64 | OK | |||
r-devel-linux-x86_64-fedora-gcc | 0.1.7 | 287.23 | OK | |||
r-devel-windows-x86_64 | 0.1.7 | 94.00 | 95.00 | 189.00 | OK | |
r-patched-linux-x86_64 | 0.1.7 | 72.76 | 52.60 | 125.36 | OK | |
r-release-linux-x86_64 | 0.1.7 | 75.39 | 53.02 | 128.41 | OK | |
r-release-macos-arm64 | 0.1.7 | 61.00 | NOTE | |||
r-release-macos-x86_64 | 0.1.7 | 80.00 | NOTE | |||
r-release-windows-x86_64 | 0.1.7 | 98.00 | 95.00 | 193.00 | OK | |
r-oldrel-macos-arm64 | 0.1.7 | 68.00 | NOTE | |||
r-oldrel-macos-x86_64 | 0.1.7 | 105.00 | NOTE | |||
r-oldrel-windows-x86_64 | 0.1.7 | 110.00 | 104.00 | 214.00 | OK |
Version: 0.1.7
Check: installed package size
Result: NOTE
installed size is 5.7Mb
sub-directories of 1Mb or more:
libs 5.2Mb
Flavors: r-release-macos-arm64, r-release-macos-x86_64, r-oldrel-macos-arm64, r-oldrel-macos-x86_64