Last updated on 2024-08-07 00:49:18 CEST.
Flavor | Version | Tinstall | Tcheck | Ttotal | Status | Flags |
---|---|---|---|---|---|---|
r-devel-linux-x86_64-debian-clang | 2.2 | 25.65 | 97.13 | 122.78 | NOTE | |
r-devel-linux-x86_64-debian-gcc | 2.2 | 17.34 | 67.57 | 84.91 | NOTE | |
r-devel-linux-x86_64-fedora-clang | 2.2 | 214.76 | NOTE | |||
r-devel-linux-x86_64-fedora-gcc | 2.2 | 198.66 | NOTE | |||
r-devel-windows-x86_64 | 2.2 | 31.00 | 117.00 | 148.00 | NOTE | |
r-patched-linux-x86_64 | 2.2 | 23.30 | 91.51 | 114.81 | NOTE | |
r-release-linux-x86_64 | 2.2 | 25.69 | 92.28 | 117.97 | NOTE | |
r-release-macos-arm64 | 2.2 | 56.00 | NOTE | |||
r-release-macos-x86_64 | 2.2 | 85.00 | NOTE | |||
r-release-windows-x86_64 | 2.2 | 31.00 | 116.00 | 147.00 | NOTE | |
r-oldrel-macos-arm64 | 2.2 | 55.00 | NOTE | |||
r-oldrel-macos-x86_64 | 2.2 | 90.00 | NOTE | |||
r-oldrel-windows-x86_64 | 2.2 | 37.00 | 143.00 | 180.00 | NOTE |
Version: 2.2
Check: C++ specification
Result: NOTE
Specified C++11: please drop specification unless essential
Flavors: r-devel-linux-x86_64-debian-clang, r-devel-linux-x86_64-debian-gcc, r-devel-linux-x86_64-fedora-clang, r-devel-linux-x86_64-fedora-gcc, r-devel-windows-x86_64, r-patched-linux-x86_64, r-release-linux-x86_64, r-release-macos-arm64, r-release-macos-x86_64, r-release-windows-x86_64, r-oldrel-macos-arm64, r-oldrel-macos-x86_64, r-oldrel-windows-x86_64
Version: 2.2
Check: HTML version of manual
Result: NOTE
Found the following HTML validation problems:
GWASinlps.html:187:1 (GWASinlps.Rd:99): Warning: trimming empty <h4>
Flavors: r-devel-linux-x86_64-debian-clang, r-devel-linux-x86_64-debian-gcc, r-devel-linux-x86_64-fedora-clang, r-devel-linux-x86_64-fedora-gcc, r-devel-windows-x86_64, r-patched-linux-x86_64, r-release-linux-x86_64, r-release-windows-x86_64