Last updated on 2024-08-07 00:49:17 CEST.
Flavor | Version | Tinstall | Tcheck | Ttotal | Status | Flags |
---|---|---|---|---|---|---|
r-devel-linux-x86_64-debian-clang | 0.2.12 | 182.67 | 252.30 | 434.97 | NOTE | |
r-devel-linux-x86_64-debian-gcc | 0.2.12 | 113.67 | 160.04 | 273.71 | NOTE | |
r-devel-linux-x86_64-fedora-clang | 0.2.12 | 821.83 | OK | |||
r-devel-linux-x86_64-fedora-gcc | 0.2.12 | 807.47 | OK | |||
r-devel-windows-x86_64 | 0.2.12 | 195.00 | 274.00 | 469.00 | NOTE | |
r-patched-linux-x86_64 | 0.2.12 | 166.73 | 240.01 | 406.74 | OK | |
r-release-linux-x86_64 | 0.2.12 | 168.32 | 242.66 | 410.98 | OK | |
r-release-macos-arm64 | 0.2.12 | 215.00 | NOTE | |||
r-release-macos-x86_64 | 0.2.12 | 442.00 | NOTE | |||
r-release-windows-x86_64 | 0.2.12 | 193.00 | 267.00 | 460.00 | OK | |
r-oldrel-macos-arm64 | 0.2.12 | 183.00 | NOTE | |||
r-oldrel-macos-x86_64 | 0.2.12 | 413.00 | NOTE | |||
r-oldrel-windows-x86_64 | 0.2.12 | 230.00 | 348.00 | 578.00 | OK |
Version: 0.2.12
Check: Rd cross-references
Result: NOTE
Found the following Rd file(s) with Rd \link{} targets missing package
anchors:
Cubic.Rd: R6Class
Exponential.Rd: R6Class
FactorKernel.Rd: R6Class
GauPro_Gauss.Rd: R6Class
GauPro_Gauss_LOO.Rd: R6Class
GauPro_base.Rd: R6Class
GauPro_kernel.Rd: R6Class
GauPro_kernel_beta.Rd: R6Class
GauPro_kernel_model.Rd: R6Class
GauPro_kernel_model_LOO.Rd: R6Class
GauPro_trend.Rd: R6Class
Gaussian.Rd: R6Class
GowerFactorKernel.Rd: R6Class
IgnoreIndsKernel.Rd: R6Class
LatentFactorKernel.Rd: R6Class
Matern32.Rd: R6Class
Matern52.Rd: R6Class
OrderedFactorKernel.Rd: R6Class
Periodic.Rd: R6Class
PowerExp.Rd: R6Class
RatQuad.Rd: R6Class
Triangle.Rd: R6Class
White.Rd: R6Class
kernel_product.Rd: R6Class
kernel_sum.Rd: R6Class
trend_0.Rd: R6Class
trend_LM.Rd: R6Class
trend_c.Rd: R6Class
Please provide package anchors for all Rd \link{} targets not in the
package itself and the base packages.
Flavors: r-devel-linux-x86_64-debian-clang, r-devel-linux-x86_64-debian-gcc, r-devel-windows-x86_64
Version: 0.2.12
Check: installed package size
Result: NOTE
installed size is 9.1Mb
sub-directories of 1Mb or more:
R 2.1Mb
libs 6.3Mb
Flavors: r-release-macos-arm64, r-release-macos-x86_64, r-oldrel-macos-arm64, r-oldrel-macos-x86_64