Last updated on 2024-08-13 17:48:14 CEST.
Flavor | Version | Tinstall | Tcheck | Ttotal | Status | Flags |
---|---|---|---|---|---|---|
r-devel-linux-x86_64-debian-clang | 2.0.4 | 53.49 | 214.48 | 267.97 | OK | |
r-devel-linux-x86_64-debian-gcc | 2.0.4 | 38.19 | 129.01 | 167.20 | OK | |
r-devel-linux-x86_64-fedora-clang | 2.0.4 | 403.17 | OK | |||
r-devel-linux-x86_64-fedora-gcc | 2.0.4 | 401.59 | OK | |||
r-devel-windows-x86_64 | 2.0.4 | 63.00 | 223.00 | 286.00 | OK | |
r-patched-linux-x86_64 | 2.0.4 | 60.34 | 187.88 | 248.22 | OK | |
r-release-linux-x86_64 | 2.0.4 | 55.07 | 187.77 | 242.84 | OK | |
r-release-macos-arm64 | 2.0.4 | 107.00 | NOTE | |||
r-release-macos-x86_64 | 2.0.4 | 213.00 | NOTE | |||
r-release-windows-x86_64 | 2.0.4 | 64.00 | 218.00 | 282.00 | OK | |
r-oldrel-macos-arm64 | 2.0.4 | 154.00 | NOTE | |||
r-oldrel-macos-x86_64 | 2.0.4 | 211.00 | NOTE | |||
r-oldrel-windows-x86_64 | 2.0.4 | 78.00 | 275.00 | 353.00 | OK |
Version: 2.0.4
Check: installed package size
Result: NOTE
installed size is 5.2Mb
sub-directories of 1Mb or more:
data 1.9Mb
libs 2.0Mb
Flavors: r-release-macos-arm64, r-release-macos-x86_64, r-oldrel-macos-arm64, r-oldrel-macos-x86_64