Last updated on 2024-08-07 00:49:17 CEST.
Flavor | Version | Tinstall | Tcheck | Ttotal | Status | Flags |
---|---|---|---|---|---|---|
r-devel-linux-x86_64-debian-clang | 0.3.0 | 47.67 | 369.62 | 417.29 | OK | |
r-devel-linux-x86_64-debian-gcc | 0.3.0 | 31.69 | 244.64 | 276.33 | OK | |
r-devel-linux-x86_64-fedora-clang | 0.3.0 | 757.75 | OK | |||
r-devel-linux-x86_64-fedora-gcc | 0.3.0 | 754.80 | OK | |||
r-devel-windows-x86_64 | 0.3.0 | 57.00 | 452.00 | 509.00 | OK | |
r-patched-linux-x86_64 | 0.3.0 | 45.49 | 337.01 | 382.50 | OK | |
r-release-linux-x86_64 | 0.3.0 | 47.34 | 340.97 | 388.31 | OK | |
r-release-macos-arm64 | 0.3.0 | 215.00 | NOTE | |||
r-release-macos-x86_64 | 0.3.0 | 359.00 | NOTE | |||
r-release-windows-x86_64 | 0.3.0 | 56.00 | 457.00 | 513.00 | OK | |
r-oldrel-macos-arm64 | 0.3.0 | 241.00 | NOTE | |||
r-oldrel-macos-x86_64 | 0.3.0 | 422.00 | NOTE | |||
r-oldrel-windows-x86_64 | 0.3.0 | 66.00 | 565.00 | 631.00 | OK |
Version: 0.3.0
Check: installed package size
Result: NOTE
installed size is 5.7Mb
sub-directories of 1Mb or more:
doc 1.7Mb
libs 3.4Mb
Flavors: r-release-macos-arm64, r-release-macos-x86_64, r-oldrel-macos-arm64, r-oldrel-macos-x86_64