Last updated on 2024-08-07 00:49:18 CEST.
Flavor | Version | Tinstall | Tcheck | Ttotal | Status | Flags |
---|---|---|---|---|---|---|
r-devel-linux-x86_64-debian-clang | 1.0.0 | 16.42 | 139.66 | 156.08 | OK | |
r-devel-linux-x86_64-debian-gcc | 1.0.0 | 11.94 | 101.47 | 113.41 | OK | |
r-devel-linux-x86_64-fedora-clang | 1.0.0 | 262.05 | OK | |||
r-devel-linux-x86_64-fedora-gcc | 1.0.0 | 236.39 | OK | |||
r-devel-windows-x86_64 | 1.0.0 | 18.00 | 131.00 | 149.00 | OK | |
r-patched-linux-x86_64 | 1.0.0 | 15.58 | 131.81 | 147.39 | OK | |
r-release-linux-x86_64 | 1.0.0 | 15.29 | 134.96 | 150.25 | OK | |
r-release-macos-arm64 | 1.0.0 | 5.00 | ERROR | |||
r-release-macos-x86_64 | 1.0.0 | 141.00 | OK | |||
r-release-windows-x86_64 | 1.0.0 | 18.00 | 125.00 | 143.00 | OK | |
r-oldrel-macos-arm64 | 1.0.0 | 74.00 | OK | |||
r-oldrel-macos-x86_64 | 1.0.0 | 11.00 | ERROR | |||
r-oldrel-windows-x86_64 | 1.0.0 | 23.00 | 156.00 | 179.00 | OK |
Version: 1.0.0
Check: package dependencies
Result: ERROR
Package required but not available: ‘org.Mm.eg.db’
See section ‘The DESCRIPTION file’ in the ‘Writing R Extensions’
manual.
Flavors: r-release-macos-arm64, r-oldrel-macos-x86_64