Last updated on 2024-08-07 00:49:18 CEST.
Flavor | Version | Tinstall | Tcheck | Ttotal | Status | Flags |
---|---|---|---|---|---|---|
r-devel-linux-x86_64-debian-clang | 1.0.6-1 | 21.04 | 45.27 | 66.31 | NOTE | |
r-devel-linux-x86_64-debian-gcc | 1.0.6-1 | 14.29 | 34.03 | 48.32 | NOTE | |
r-devel-linux-x86_64-fedora-clang | 1.0.6-1 | 118.39 | NOTE | |||
r-devel-linux-x86_64-fedora-gcc | 1.0.6-1 | 113.49 | NOTE | |||
r-devel-windows-x86_64 | 1.0.6-1 | 27.00 | 87.00 | 114.00 | NOTE | |
r-patched-linux-x86_64 | 1.0.6-1 | 18.84 | 44.58 | 63.42 | NOTE | |
r-release-linux-x86_64 | 1.0.6-1 | 20.85 | 44.21 | 65.06 | NOTE | |
r-release-macos-arm64 | 1.0.6-1 | 41.00 | NOTE | |||
r-release-macos-x86_64 | 1.0.6-1 | 51.00 | NOTE | |||
r-release-windows-x86_64 | 1.0.6-1 | 27.00 | 87.00 | 114.00 | NOTE | |
r-oldrel-macos-arm64 | 1.0.6-1 | 40.00 | NOTE | |||
r-oldrel-macos-x86_64 | 1.0.6-1 | 60.00 | NOTE | |||
r-oldrel-windows-x86_64 | 1.0.6-1 | 31.00 | 102.00 | 133.00 | NOTE |
Version: 1.0.6-1
Check: C++ specification
Result: NOTE
Specified C++11: please drop specification unless essential
Flavors: r-devel-linux-x86_64-debian-clang, r-devel-linux-x86_64-debian-gcc, r-devel-linux-x86_64-fedora-clang, r-devel-linux-x86_64-fedora-gcc, r-devel-windows-x86_64, r-patched-linux-x86_64, r-release-linux-x86_64, r-release-macos-arm64, r-release-macos-x86_64, r-release-windows-x86_64, r-oldrel-macos-arm64, r-oldrel-macos-x86_64, r-oldrel-windows-x86_64
Version: 1.0.6-1
Check: installed package size
Result: NOTE
installed size is 5.3Mb
sub-directories of 1Mb or more:
shiny 4.3Mb
Flavors: r-devel-windows-x86_64, r-release-macos-arm64, r-release-macos-x86_64, r-release-windows-x86_64, r-oldrel-macos-arm64, r-oldrel-macos-x86_64, r-oldrel-windows-x86_64