Last updated on 2024-08-07 00:49:18 CEST.
Flavor | Version | Tinstall | Tcheck | Ttotal | Status | Flags |
---|---|---|---|---|---|---|
r-devel-linux-x86_64-debian-clang | 0.2.6 | 81.33 | 53.37 | 134.70 | OK | |
r-devel-linux-x86_64-debian-gcc | 0.2.6 | 54.31 | 43.47 | 97.78 | OK | |
r-devel-linux-x86_64-fedora-clang | 0.2.6 | 274.03 | NOTE | |||
r-devel-linux-x86_64-fedora-gcc | 0.2.6 | 281.34 | NOTE | |||
r-devel-windows-x86_64 | 0.2.6 | 86.00 | 110.00 | 196.00 | OK | |
r-patched-linux-x86_64 | 0.2.6 | 75.62 | 52.18 | 127.80 | OK | |
r-release-linux-x86_64 | 0.2.6 | 78.45 | 51.72 | 130.17 | OK | |
r-release-macos-arm64 | 0.2.6 | 79.00 | OK | |||
r-release-macos-x86_64 | 0.2.6 | 99.00 | OK | |||
r-release-windows-x86_64 | 0.2.6 | 90.00 | 107.00 | 197.00 | OK | |
r-oldrel-macos-arm64 | 0.2.6 | 94.00 | OK | |||
r-oldrel-macos-x86_64 | 0.2.6 | 167.00 | OK | |||
r-oldrel-windows-x86_64 | 0.2.6 | 82.00 | 114.00 | 196.00 | OK |
Version: 0.2.6
Check: data for non-ASCII characters
Result: NOTE
Note: found 3 marked UTF-8 strings
Flavors: r-devel-linux-x86_64-fedora-clang, r-devel-linux-x86_64-fedora-gcc