Last updated on 2024-08-07 00:49:18 CEST.
Flavor | Version | Tinstall | Tcheck | Ttotal | Status | Flags |
---|---|---|---|---|---|---|
r-devel-linux-x86_64-debian-clang | 0.1.0 | 50.79 | 52.75 | 103.54 | OK | |
r-devel-linux-x86_64-debian-gcc | 0.1.0 | 34.66 | 39.76 | 74.42 | OK | |
r-devel-linux-x86_64-fedora-clang | 0.1.0 | 171.29 | OK | |||
r-devel-linux-x86_64-fedora-gcc | 0.1.0 | 185.33 | OK | |||
r-devel-windows-x86_64 | 0.1.0 | 48.00 | 86.00 | 134.00 | OK | |
r-patched-linux-x86_64 | 0.1.0 | 44.56 | 50.82 | 95.38 | OK | |
r-release-linux-x86_64 | 0.1.0 | 47.37 | 51.49 | 98.86 | OK | |
r-release-macos-arm64 | 0.1.0 | 47.00 | NOTE | |||
r-release-macos-x86_64 | 0.1.0 | 65.00 | NOTE | |||
r-release-windows-x86_64 | 0.1.0 | 49.00 | 86.00 | 135.00 | OK | |
r-oldrel-macos-arm64 | 0.1.0 | 52.00 | NOTE | |||
r-oldrel-macos-x86_64 | 0.1.0 | 110.00 | NOTE | |||
r-oldrel-windows-x86_64 | 0.1.0 | 59.00 | 99.00 | 158.00 | OK |
Version: 0.1.0
Check: installed package size
Result: NOTE
installed size is 6.2Mb
sub-directories of 1Mb or more:
libs 5.6Mb
Flavors: r-release-macos-arm64, r-release-macos-x86_64, r-oldrel-macos-arm64, r-oldrel-macos-x86_64