Last updated on 2024-08-07 00:49:18 CEST.
Flavor | Version | Tinstall | Tcheck | Ttotal | Status | Flags |
---|---|---|---|---|---|---|
r-devel-linux-x86_64-debian-clang | 1.1 | 80.10 | 27.14 | 107.24 | NOTE | |
r-devel-linux-x86_64-debian-gcc | 1.1 | 51.95 | 21.91 | 73.86 | NOTE | |
r-devel-linux-x86_64-fedora-clang | 1.1 | 223.46 | NOTE | |||
r-devel-linux-x86_64-fedora-gcc | 1.1 | 217.45 | NOTE | |||
r-devel-windows-x86_64 | 1.1 | 87.00 | 68.00 | 155.00 | NOTE | |
r-patched-linux-x86_64 | 1.1 | 71.14 | 26.81 | 97.95 | NOTE | |
r-release-linux-x86_64 | 1.1 | 74.10 | 26.64 | 100.74 | NOTE | |
r-release-macos-arm64 | 1.1 | 42.00 | NOTE | |||
r-release-macos-x86_64 | 1.1 | 46.00 | NOTE | |||
r-release-windows-x86_64 | 1.1 | 87.00 | 69.00 | 156.00 | NOTE | |
r-oldrel-macos-arm64 | 1.1 | 59.00 | NOTE | |||
r-oldrel-macos-x86_64 | 1.1 | 101.00 | NOTE | |||
r-oldrel-windows-x86_64 | 1.1 | 102.00 | 73.00 | 175.00 | NOTE |
Version: 1.1
Check: C++ specification
Result: NOTE
Specified C++11: please drop specification unless essential
Flavors: r-devel-linux-x86_64-debian-clang, r-devel-linux-x86_64-debian-gcc, r-devel-linux-x86_64-fedora-clang, r-devel-linux-x86_64-fedora-gcc, r-devel-windows-x86_64, r-patched-linux-x86_64, r-release-linux-x86_64, r-release-macos-arm64, r-release-macos-x86_64, r-release-windows-x86_64, r-oldrel-macos-arm64, r-oldrel-macos-x86_64, r-oldrel-windows-x86_64
Version: 1.1
Check: installed package size
Result: NOTE
installed size is 5.0Mb
sub-directories of 1Mb or more:
data 3.5Mb
libs 1.3Mb
Flavors: r-devel-windows-x86_64, r-release-macos-arm64, r-release-macos-x86_64, r-release-windows-x86_64, r-oldrel-macos-arm64, r-oldrel-macos-x86_64, r-oldrel-windows-x86_64