Last updated on 2024-08-07 00:49:18 CEST.
Flavor | Version | Tinstall | Tcheck | Ttotal | Status | Flags |
---|---|---|---|---|---|---|
r-devel-linux-x86_64-debian-clang | 2.0 | 14.24 | 36.27 | 50.51 | NOTE | |
r-devel-linux-x86_64-debian-gcc | 2.0 | 10.59 | 29.77 | 40.36 | NOTE | |
r-devel-linux-x86_64-fedora-clang | 2.0 | 85.48 | NOTE | |||
r-devel-linux-x86_64-fedora-gcc | 2.0 | 81.34 | NOTE | |||
r-devel-windows-x86_64 | 2.0 | 20.00 | 69.00 | 89.00 | NOTE | |
r-patched-linux-x86_64 | 2.0 | 12.97 | 34.40 | 47.37 | NOTE | |
r-release-linux-x86_64 | 2.0 | 14.58 | 35.01 | 49.59 | NOTE | |
r-release-macos-arm64 | 2.0 | 28.00 | NOTE | |||
r-release-macos-x86_64 | 2.0 | 43.00 | NOTE | |||
r-release-windows-x86_64 | 2.0 | 20.00 | 72.00 | 92.00 | NOTE | |
r-oldrel-macos-arm64 | 2.0 | 30.00 | OK | |||
r-oldrel-macos-x86_64 | 2.0 | 42.00 | OK | |||
r-oldrel-windows-x86_64 | 2.0 | 24.00 | 86.00 | 110.00 | OK |
Version: 2.0
Check: Rd files
Result: NOTE
checkRd: (-1) CalcROC.Rd:47: Lost braces
47 | The accuracy of the classifier is the mean value of dQuote{(optSn, optSp)} for two-class problem and the mean value of \dQuote{(optSn, optSp,optS3)} for three-class problem.
| ^
Flavors: r-devel-linux-x86_64-debian-clang, r-devel-linux-x86_64-debian-gcc, r-devel-linux-x86_64-fedora-clang, r-devel-linux-x86_64-fedora-gcc, r-devel-windows-x86_64, r-patched-linux-x86_64, r-release-linux-x86_64, r-release-macos-arm64, r-release-macos-x86_64, r-release-windows-x86_64