Last updated on 2024-08-07 00:49:19 CEST.
Flavor | Version | Tinstall | Tcheck | Ttotal | Status | Flags |
---|---|---|---|---|---|---|
r-devel-linux-x86_64-debian-clang | 0.1-12 | 4.77 | 46.14 | 50.91 | NOTE | |
r-devel-linux-x86_64-debian-gcc | 0.1-12 | 3.96 | 35.73 | 39.69 | NOTE | |
r-devel-linux-x86_64-fedora-clang | 0.1-12 | 83.36 | OK | |||
r-devel-linux-x86_64-fedora-gcc | 0.1-12 | 92.52 | OK | |||
r-devel-windows-x86_64 | 0.1-12 | 7.00 | 64.00 | 71.00 | OK | |
r-patched-linux-x86_64 | 0.1-12 | 5.71 | 44.44 | 50.15 | NOTE | |
r-release-linux-x86_64 | 0.1-12 | 5.22 | 44.87 | 50.09 | NOTE | |
r-release-macos-arm64 | 0.1-12 | 26.00 | NOTE | |||
r-release-macos-x86_64 | 0.1-12 | 37.00 | NOTE | |||
r-release-windows-x86_64 | 0.1-12 | 8.00 | 64.00 | 72.00 | OK | |
r-oldrel-macos-arm64 | 0.1-12 | 36.00 | NOTE | |||
r-oldrel-macos-x86_64 | 0.1-12 | 101.00 | NOTE | |||
r-oldrel-windows-x86_64 | 0.1-12 | 8.00 | 67.00 | 75.00 | NOTE |
Version: 0.1-12
Check: package dependencies
Result: NOTE
Package suggested but not available for checking: ‘INLA’
Flavors: r-devel-linux-x86_64-debian-clang, r-devel-linux-x86_64-debian-gcc, r-patched-linux-x86_64, r-release-linux-x86_64, r-release-macos-arm64, r-release-macos-x86_64, r-oldrel-macos-arm64, r-oldrel-macos-x86_64, r-oldrel-windows-x86_64