Last updated on 2024-08-07 00:49:19 CEST.
Flavor | Version | Tinstall | Tcheck | Ttotal | Status | Flags |
---|---|---|---|---|---|---|
r-devel-linux-x86_64-debian-clang | 24.3.25 | 17.72 | 111.25 | 128.97 | NOTE | |
r-devel-linux-x86_64-debian-gcc | 24.3.25 | 13.18 | 77.83 | 91.01 | NOTE | |
r-devel-linux-x86_64-fedora-clang | 24.3.25 | 217.10 | OK | |||
r-devel-linux-x86_64-fedora-gcc | 24.3.25 | 209.98 | OK | |||
r-devel-windows-x86_64 | 24.3.25 | 18.00 | 109.00 | 127.00 | OK | |
r-patched-linux-x86_64 | 24.3.25 | 20.04 | 103.16 | 123.20 | NOTE | |
r-release-linux-x86_64 | 24.3.25 | 18.16 | 107.39 | 125.55 | NOTE | |
r-release-macos-arm64 | 24.3.25 | 63.00 | NOTE | |||
r-release-macos-x86_64 | 24.3.25 | 88.00 | NOTE | |||
r-release-windows-x86_64 | 24.3.25 | 20.00 | 110.00 | 130.00 | OK | |
r-oldrel-macos-arm64 | 24.3.25 | 61.00 | NOTE | |||
r-oldrel-macos-x86_64 | 24.3.25 | 145.00 | NOTE | |||
r-oldrel-windows-x86_64 | 24.3.25 | 25.00 | 132.00 | 157.00 | NOTE |
Version: 24.3.25
Check: package dependencies
Result: NOTE
Package suggested but not available for checking: ‘INLA’
Flavors: r-devel-linux-x86_64-debian-clang, r-devel-linux-x86_64-debian-gcc, r-patched-linux-x86_64, r-release-linux-x86_64, r-release-macos-arm64, r-oldrel-macos-arm64, r-oldrel-macos-x86_64, r-oldrel-windows-x86_64
Version: 24.3.25
Check: package dependencies
Result: NOTE
Packages suggested but not available for checking: 'INLA', 'frailtypack'
Flavor: r-release-macos-x86_64