Last updated on 2024-08-07 00:49:19 CEST.
Flavor | Version | Tinstall | Tcheck | Ttotal | Status | Flags |
---|---|---|---|---|---|---|
r-devel-linux-x86_64-debian-clang | 2.4.6 | 8.31 | 51.78 | 60.09 | NOTE | |
r-devel-linux-x86_64-debian-gcc | 2.4.6 | 5.47 | 38.17 | 43.64 | NOTE | |
r-devel-linux-x86_64-fedora-clang | 2.4.6 | 98.51 | NOTE | |||
r-devel-linux-x86_64-fedora-gcc | 2.4.6 | 94.93 | NOTE | |||
r-devel-windows-x86_64 | 2.4.6 | 10.00 | 378.00 | 388.00 | NOTE | |
r-patched-linux-x86_64 | 2.4.6 | 12.01 | 49.71 | 61.72 | NOTE | |
r-release-linux-x86_64 | 2.4.6 | 7.42 | 50.07 | 57.49 | NOTE | |
r-release-macos-arm64 | 2.4.6 | 33.00 | NOTE | |||
r-release-macos-x86_64 | 2.4.6 | 48.00 | NOTE | |||
r-release-windows-x86_64 | 2.4.6 | 11.00 | 78.00 | 89.00 | NOTE | |
r-oldrel-macos-arm64 | 2.4.6 | 34.00 | OK | |||
r-oldrel-macos-x86_64 | 2.4.6 | 65.00 | OK | |||
r-oldrel-windows-x86_64 | 2.4.6 | 13.00 | 90.00 | 103.00 | OK |
Version: 2.4.6
Check: Rd files
Result: NOTE
checkRd: (-1) createBssUrl.Rd:28: Lost braces
28 | \code{constraint}{ a character string containing value constraints }
| ^
checkRd: (-1) createBssUrl.Rd:29: Lost braces
29 | \code{url}{ optional url of the BSS measurements service }
| ^
checkRd: (-1) getGeneralValueMetrics.Rd:28: Lost braces
28 | \code{constraint}{ a character string containing value constraints }
| ^
checkRd: (-1) getGeneralValueMetrics.Rd:29: Lost braces
29 | \code{url}{ optional url of the MUSTANG measurements service}
| ^
checkRd: (-1) getMustangMetrics.Rd:28: Lost braces
28 | \code{constraint}{ a character string containing value constraints }
| ^
checkRd: (-1) getMustangMetrics.Rd:29: Lost braces
29 | \code{url}{ optional url of the MUSTANG measurements service }
| ^
Flavors: r-devel-linux-x86_64-debian-clang, r-devel-linux-x86_64-debian-gcc, r-devel-linux-x86_64-fedora-clang, r-devel-linux-x86_64-fedora-gcc, r-devel-windows-x86_64, r-patched-linux-x86_64, r-release-linux-x86_64, r-release-macos-arm64, r-release-macos-x86_64, r-release-windows-x86_64
Version: 2.4.6
Check: Rd cross-references
Result: NOTE
Found the following Rd file(s) with Rd \link{} targets missing package
anchors:
upDownTimesMetric.Rd: getUpDownTimes
Please provide package anchors for all Rd \link{} targets not in the
package itself and the base packages.
Flavors: r-devel-linux-x86_64-debian-clang, r-devel-linux-x86_64-debian-gcc, r-devel-windows-x86_64