Last updated on 2024-08-07 00:49:19 CEST.
Flavor | Version | Tinstall | Tcheck | Ttotal | Status | Flags |
---|---|---|---|---|---|---|
r-devel-linux-x86_64-debian-clang | 1.1.4.4 | 81.58 | 74.95 | 156.53 | NOTE | |
r-devel-linux-x86_64-debian-gcc | 1.1.4.4 | 52.41 | 51.11 | 103.52 | NOTE | |
r-devel-linux-x86_64-fedora-clang | 1.1.4.4 | 289.84 | NOTE | |||
r-devel-linux-x86_64-fedora-gcc | 1.1.4.4 | 299.22 | NOTE | |||
r-devel-windows-x86_64 | 1.1.4.4 | 90.00 | 106.00 | 196.00 | NOTE | |
r-patched-linux-x86_64 | 1.1.4.4 | 75.37 | 72.40 | 147.77 | NOTE | |
r-release-linux-x86_64 | 1.1.4.4 | 73.22 | 73.09 | 146.31 | NOTE | |
r-release-macos-arm64 | 1.1.4.4 | 68.00 | NOTE | |||
r-release-macos-x86_64 | 1.1.4.4 | 89.00 | NOTE | |||
r-release-windows-x86_64 | 1.1.4.4 | 90.00 | 106.00 | 196.00 | NOTE | |
r-oldrel-macos-arm64 | 1.1.4.4 | 84.00 | NOTE | |||
r-oldrel-macos-x86_64 | 1.1.4.4 | 130.00 | NOTE | |||
r-oldrel-windows-x86_64 | 1.1.4.4 | 107.00 | 129.00 | 236.00 | NOTE |
Version: 1.1.4.4
Check: C++ specification
Result: NOTE
Specified C++11: please drop specification unless essential
Flavors: r-devel-linux-x86_64-debian-clang, r-devel-linux-x86_64-debian-gcc, r-devel-linux-x86_64-fedora-clang, r-devel-linux-x86_64-fedora-gcc, r-devel-windows-x86_64, r-patched-linux-x86_64, r-release-linux-x86_64, r-release-macos-arm64, r-release-macos-x86_64, r-release-windows-x86_64, r-oldrel-macos-arm64, r-oldrel-macos-x86_64, r-oldrel-windows-x86_64
Version: 1.1.4.4
Check: for GNU extensions in Makefiles
Result: NOTE
GNU make is a SystemRequirements.
Flavors: r-devel-linux-x86_64-debian-clang, r-devel-linux-x86_64-debian-gcc, r-devel-linux-x86_64-fedora-clang, r-devel-linux-x86_64-fedora-gcc, r-devel-windows-x86_64, r-patched-linux-x86_64, r-release-linux-x86_64, r-release-macos-arm64, r-release-macos-x86_64, r-release-windows-x86_64, r-oldrel-macos-arm64, r-oldrel-macos-x86_64, r-oldrel-windows-x86_64
Version: 1.1.4.4
Check: installed package size
Result: NOTE
installed size is 6.8Mb
sub-directories of 1Mb or more:
libs 5.1Mb
Flavors: r-release-macos-arm64, r-release-macos-x86_64, r-oldrel-macos-arm64, r-oldrel-macos-x86_64