Last updated on 2024-08-07 00:49:19 CEST.
Flavor | Version | Tinstall | Tcheck | Ttotal | Status | Flags |
---|---|---|---|---|---|---|
r-devel-linux-x86_64-debian-clang | 0.7.4 | 7.99 | 1496.26 | 1504.25 | OK | |
r-devel-linux-x86_64-debian-gcc | 0.7.4 | 4.87 | 964.65 | 969.52 | OK | |
r-devel-linux-x86_64-fedora-clang | 0.7.4 | 2349.93 | OK | |||
r-devel-linux-x86_64-fedora-gcc | 0.7.4 | 2268.83 | OK | |||
r-devel-windows-x86_64 | 0.7.4 | 7.00 | 936.00 | 943.00 | OK | |
r-patched-linux-x86_64 | 0.7.4 | 7.29 | 1431.51 | 1438.80 | OK | |
r-release-linux-x86_64 | 0.7.4 | 6.87 | 1429.09 | 1435.96 | OK | |
r-release-macos-arm64 | 0.7.4 | 382.00 | OK | |||
r-release-macos-x86_64 | 0.7.4 | 755.00 | OK | |||
r-release-windows-x86_64 | 0.7.4 | 9.00 | 922.00 | 931.00 | OK | |
r-oldrel-macos-arm64 | 0.7.4 | 445.00 | ERROR | |||
r-oldrel-macos-x86_64 | 0.7.4 | 636.00 | ERROR | |||
r-oldrel-windows-x86_64 | 0.7.4 | 11.00 | 1278.00 | 1289.00 | OK |
Version: 0.7.4
Check: running R code from vignettes
Result: ERROR
Errors in running code in vignettes:
when running code in ‘a02_Creating_denominator_populations.Rmd’
...
> library(knitr)
> library(here)
here() starts at /private/var/folders/k4/0jwzxmln0nb8y6rkzprptb640000gq/T/Rtmpniy524/fileb94f6382dc4/vignettes
> knitr::include_graphics(here("vignettes/dpop1.png"))
When sourcing ‘a02_Creating_denominator_populations.R’:
Error: Cannot find the file(s): "/private/var/folders/k4/0jwzxmln0nb8y6rkzprptb640000gq/T/Rtmpniy524/fileb94f6382dc4/vignettes/vignettes/dpop1.png"
Execution halted
when running code in ‘a04_Calculating_prevalence.Rmd’
...
+ "macOS")
> library(here)
here() starts at /private/var/folders/k4/0jwzxmln0nb8y6rkzprptb640000gq/T/RtmpgZ6I2g/filebbe13d7e7b48/vignettes
> knitr::include_graphics(here("vignettes/point_prev.png"))
When sourcing ‘a04_Calculating_prevalence.R’:
Error: Cannot find the file(s): "/private/var/folders/k4/0jwzxmln0nb8y6rkzprptb640000gq/T/RtmpgZ6I2g/filebbe13d7e7b48/vignettes/vignettes/point_prev.png"
Execution halted
when running code in ‘a05_Calculating_incidence.Rmd’
...
+ "macOS")
> library(here)
here() starts at /private/var/folders/k4/0jwzxmln0nb8y6rkzprptb640000gq/T/RtmpY7EfoF/filebbe75bf6b27c/vignettes
> knitr::include_graphics(here("vignettes/inc_no_rep_no_washout.png"))
When sourcing ‘a05_Calculating_incidence.R’:
Error: Cannot find the file(s): "/private/var/folders/k4/0jwzxmln0nb8y6rkzprptb640000gq/T/RtmpY7EfoF/filebbe75bf6b27c/vignettes/vignettes/inc_no_rep_no_washout.png"
Execution halted
‘a01_Introduction_to_IncidencePrevalence.Rmd’ using ‘UTF-8’... [22s/27s] OK
‘a02_Creating_denominator_populations.Rmd’ using ‘UTF-8’... failed
‘a03_Creating_target_denominator_populations.Rmd’ using ‘UTF-8’... [13s/15s] OK
‘a04_Calculating_prevalence.Rmd’ using ‘UTF-8’... failed
‘a05_Calculating_incidence.Rmd’ using ‘UTF-8’... failed
‘a06_Plotting_options.Rmd’ using ‘UTF-8’... [10s/11s] OK
Flavor: r-oldrel-macos-arm64
Version: 0.7.4
Check: running R code from vignettes
Result: ERROR
Errors in running code in vignettes:
when running code in ‘a02_Creating_denominator_populations.Rmd’
...
> library(knitr)
> library(here)
here() starts at /private/var/folders/2b/t0kwbtmn3p7brv2mvx39c9cr0000gn/T/RtmpzUgRcl/fileaa8d65d416c9/vignettes
> knitr::include_graphics(here("vignettes/dpop1.png"))
When sourcing ‘a02_Creating_denominator_populations.R’:
Error: Cannot find the file(s): "/private/var/folders/2b/t0kwbtmn3p7brv2mvx39c9cr0000gn/T/RtmpzUgRcl/fileaa8d65d416c9/vignettes/vignettes/dpop1.png"
Execution halted
when running code in ‘a04_Calculating_prevalence.Rmd’
...
+ "macOS")
> library(here)
here() starts at /private/var/folders/2b/t0kwbtmn3p7brv2mvx39c9cr0000gn/T/Rtmp9dIo9K/fileaeb5612b74c/vignettes
> knitr::include_graphics(here("vignettes/point_prev.png"))
When sourcing ‘a04_Calculating_prevalence.R’:
Error: Cannot find the file(s): "/private/var/folders/2b/t0kwbtmn3p7brv2mvx39c9cr0000gn/T/Rtmp9dIo9K/fileaeb5612b74c/vignettes/vignettes/point_prev.png"
Execution halted
when running code in ‘a05_Calculating_incidence.Rmd’
...
+ "macOS")
> library(here)
here() starts at /private/var/folders/2b/t0kwbtmn3p7brv2mvx39c9cr0000gn/T/Rtmp8WuuNg/fileaed46db2662a/vignettes
> knitr::include_graphics(here("vignettes/inc_no_rep_no_washout.png"))
When sourcing ‘a05_Calculating_incidence.R’:
Error: Cannot find the file(s): "/private/var/folders/2b/t0kwbtmn3p7brv2mvx39c9cr0000gn/T/Rtmp8WuuNg/fileaed46db2662a/vignettes/vignettes/inc_no_rep_no_washout.png"
Execution halted
‘a01_Introduction_to_IncidencePrevalence.Rmd’ using ‘UTF-8’... [37s/43s] OK
‘a02_Creating_denominator_populations.Rmd’ using ‘UTF-8’... failed
‘a03_Creating_target_denominator_populations.Rmd’ using ‘UTF-8’... [20s/31s] OK
‘a04_Calculating_prevalence.Rmd’ using ‘UTF-8’... failed
‘a05_Calculating_incidence.Rmd’ using ‘UTF-8’... failed
‘a06_Plotting_options.Rmd’ using ‘UTF-8’... [15s/16s] OK
Flavor: r-oldrel-macos-x86_64