Last updated on 2024-08-07 00:49:19 CEST.
Flavor | Version | Tinstall | Tcheck | Ttotal | Status | Flags |
---|---|---|---|---|---|---|
r-devel-linux-x86_64-debian-clang | 0.2.4 | 2.62 | 42.39 | 45.01 | OK | |
r-devel-linux-x86_64-debian-gcc | 0.2.4 | 2.28 | 32.26 | 34.54 | OK | |
r-devel-linux-x86_64-fedora-clang | 0.2.4 | 74.99 | NOTE | |||
r-devel-linux-x86_64-fedora-gcc | 0.2.4 | 81.86 | OK | |||
r-devel-windows-x86_64 | 0.2.4 | 6.00 | 89.00 | 95.00 | NOTE | |
r-patched-linux-x86_64 | 0.2.4 | 3.92 | 40.41 | 44.33 | OK | |
r-release-linux-x86_64 | 0.2.4 | 3.18 | 40.94 | 44.12 | OK | |
r-release-macos-arm64 | 0.2.4 | 51.00 | NOTE | |||
r-release-macos-x86_64 | 0.2.4 | 61.00 | NOTE | |||
r-release-windows-x86_64 | 0.2.4 | 5.00 | 88.00 | 93.00 | NOTE | |
r-oldrel-macos-arm64 | 0.2.4 | 43.00 | NOTE | |||
r-oldrel-macos-x86_64 | 0.2.4 | 91.00 | NOTE | |||
r-oldrel-windows-x86_64 | 0.2.4 | 6.00 | 88.00 | 94.00 | NOTE |
Version: 0.2.4
Check: installed package size
Result: NOTE
installed size is 6.9Mb
sub-directories of 1Mb or more:
doc 2.3Mb
extdata 4.0Mb
Flavors: r-devel-linux-x86_64-fedora-clang, r-devel-windows-x86_64, r-release-macos-arm64, r-release-macos-x86_64, r-release-windows-x86_64, r-oldrel-macos-arm64, r-oldrel-macos-x86_64, r-oldrel-windows-x86_64
Version: 0.2.4
Check: Rd cross-references
Result: NOTE
Undeclared package ‘rjwsacruncher’ in Rd xrefs
Flavor: r-devel-linux-x86_64-fedora-clang