Last updated on 2024-08-07 00:49:19 CEST.
Flavor | Version | Tinstall | Tcheck | Ttotal | Status | Flags |
---|---|---|---|---|---|---|
r-devel-linux-x86_64-debian-clang | 1.0.3 | 398.50 | 125.29 | 523.79 | OK | |
r-devel-linux-x86_64-debian-gcc | 1.0.3 | 301.44 | 110.98 | 412.42 | OK | |
r-devel-linux-x86_64-fedora-clang | 1.0.3 | 881.20 | OK | |||
r-devel-linux-x86_64-fedora-gcc | 1.0.3 | 1102.77 | OK | |||
r-devel-windows-x86_64 | 1.0.3 | 358.00 | 168.00 | 526.00 | OK | |
r-patched-linux-x86_64 | 1.0.3 | 385.75 | 151.44 | 537.19 | OK | |
r-release-linux-x86_64 | 1.0.3 | 387.32 | 153.75 | 541.07 | OK | |
r-release-macos-arm64 | 1.0.3 | 221.00 | NOTE | |||
r-release-macos-x86_64 | 1.0.3 | 199.00 | NOTE | |||
r-release-windows-x86_64 | 1.0.3 | 359.00 | 169.00 | 528.00 | OK | |
r-oldrel-macos-arm64 | 1.0.3 | 205.00 | NOTE | |||
r-oldrel-macos-x86_64 | 1.0.3 | 217.00 | NOTE | |||
r-oldrel-windows-x86_64 | 1.0.3 | 432.00 | 204.00 | 636.00 | OK |
Version: 1.0.3
Check: installed package size
Result: NOTE
installed size is 40.0Mb
sub-directories of 1Mb or more:
libs 39.5Mb
Flavors: r-release-macos-arm64, r-release-macos-x86_64, r-oldrel-macos-arm64, r-oldrel-macos-x86_64