Last updated on 2024-08-07 00:49:19 CEST.
Flavor | Version | Tinstall | Tcheck | Ttotal | Status | Flags |
---|---|---|---|---|---|---|
r-devel-linux-x86_64-debian-clang | 0.2.2 | 3.91 | 189.57 | 193.48 | NOTE | |
r-devel-linux-x86_64-debian-gcc | 0.2.2 | 2.63 | 122.69 | 125.32 | NOTE | |
r-devel-linux-x86_64-fedora-clang | 0.2.2 | 319.41 | OK | |||
r-devel-linux-x86_64-fedora-gcc | 0.2.2 | 321.92 | OK | |||
r-devel-windows-x86_64 | 0.2.2 | 5.00 | 172.00 | 177.00 | NOTE | |
r-patched-linux-x86_64 | 0.2.2 | 10.52 | 180.94 | 191.46 | OK | |
r-release-linux-x86_64 | 0.2.2 | 3.56 | 179.51 | 183.07 | OK | |
r-release-macos-arm64 | 0.2.2 | 82.00 | OK | |||
r-release-macos-x86_64 | 0.2.2 | 139.00 | OK | |||
r-release-windows-x86_64 | 0.2.2 | 7.00 | 167.00 | 174.00 | OK | |
r-oldrel-macos-arm64 | 0.2.2 | 96.00 | OK | |||
r-oldrel-macos-x86_64 | 0.2.2 | 206.00 | OK | |||
r-oldrel-windows-x86_64 | 0.2.2 | 6.00 | 211.00 | 217.00 | OK |
Version: 0.2.2
Check: Rd cross-references
Result: NOTE
Found the following Rd file(s) with Rd \link{} targets missing package
anchors:
standardize_variable.Rd: dplyr_tidy_select
Please provide package anchors for all Rd \link{} targets not in the
package itself and the base packages.
Flavors: r-devel-linux-x86_64-debian-clang, r-devel-linux-x86_64-debian-gcc, r-devel-windows-x86_64