Last updated on 2024-08-07 00:49:20 CEST.
Flavor | Version | Tinstall | Tcheck | Ttotal | Status | Flags |
---|---|---|---|---|---|---|
r-devel-linux-x86_64-debian-clang | 1.1.0 | 7.43 | 76.39 | 83.82 | NOTE | |
r-devel-linux-x86_64-debian-gcc | 1.1.0 | 6.20 | 57.13 | 63.33 | NOTE | |
r-devel-linux-x86_64-fedora-clang | 1.1.0 | 135.20 | NOTE | |||
r-devel-linux-x86_64-fedora-gcc | 1.1.0 | 142.07 | NOTE | |||
r-devel-windows-x86_64 | 1.1.0 | 9.00 | 92.00 | 101.00 | NOTE | |
r-patched-linux-x86_64 | 1.1.0 | 8.33 | 72.20 | 80.53 | NOTE | |
r-release-linux-x86_64 | 1.1.0 | 7.11 | 73.04 | 80.15 | NOTE | |
r-release-macos-arm64 | 1.1.0 | 54.00 | NOTE | |||
r-release-macos-x86_64 | 1.1.0 | 72.00 | NOTE | |||
r-release-windows-x86_64 | 1.1.0 | 9.00 | 93.00 | 102.00 | NOTE | |
r-oldrel-macos-arm64 | 1.1.0 | 50.00 | NOTE | |||
r-oldrel-macos-x86_64 | 1.1.0 | 86.00 | NOTE | |||
r-oldrel-windows-x86_64 | 1.1.0 | 11.00 | 105.00 | 116.00 | NOTE |
Version: 1.1.0
Check: Rd cross-references
Result: NOTE
Found the following Rd file(s) with Rd \link{} targets missing package
anchors:
gamtable1.Rd: gamObject
Please provide package anchors for all Rd \link{} targets not in the
package itself and the base packages.
Flavors: r-devel-linux-x86_64-debian-clang, r-devel-linux-x86_64-debian-gcc, r-devel-windows-x86_64
Version: 1.1.0
Check: LazyData
Result: NOTE
'LazyData' is specified without a 'data' directory
Flavors: r-devel-linux-x86_64-debian-clang, r-devel-linux-x86_64-debian-gcc, r-devel-linux-x86_64-fedora-clang, r-devel-linux-x86_64-fedora-gcc, r-devel-windows-x86_64, r-patched-linux-x86_64, r-release-linux-x86_64, r-release-macos-arm64, r-release-macos-x86_64, r-release-windows-x86_64, r-oldrel-macos-arm64, r-oldrel-macos-x86_64, r-oldrel-windows-x86_64
Version: 1.1.0
Check: Rd cross-references
Result: NOTE
Undeclared package ‘zoo’ in Rd xrefs
Flavor: r-devel-linux-x86_64-fedora-clang