Last updated on 2024-08-07 00:49:19 CEST.
Flavor | Version | Tinstall | Tcheck | Ttotal | Status | Flags |
---|---|---|---|---|---|---|
r-devel-linux-x86_64-debian-clang | 1.0.0 | 52.81 | 142.94 | 195.75 | OK | |
r-devel-linux-x86_64-debian-gcc | 1.0.0 | 34.62 | 120.39 | 155.01 | OK | |
r-devel-linux-x86_64-fedora-clang | 1.0.0 | 367.90 | OK | |||
r-devel-linux-x86_64-fedora-gcc | 1.0.0 | 368.42 | OK | |||
r-devel-windows-x86_64 | 1.0.0 | 58.00 | 164.00 | 222.00 | OK | |
r-patched-linux-x86_64 | 1.0.0 | 50.88 | 160.68 | 211.56 | OK | |
r-release-linux-x86_64 | 1.0.0 | 49.15 | 161.13 | 210.28 | OK | |
r-release-macos-arm64 | 1.0.0 | 90.00 | NOTE | |||
r-release-macos-x86_64 | 1.0.0 | 167.00 | NOTE | |||
r-release-windows-x86_64 | 1.0.0 | 58.00 | 166.00 | 224.00 | OK | |
r-oldrel-macos-arm64 | 1.0.0 | 110.00 | NOTE | |||
r-oldrel-macos-x86_64 | 1.0.0 | 192.00 | NOTE | |||
r-oldrel-windows-x86_64 | 1.0.0 | 68.00 | 197.00 | 265.00 | OK |
Version: 1.0.0
Check: installed package size
Result: NOTE
installed size is 7.0Mb
sub-directories of 1Mb or more:
doc 2.8Mb
libs 3.5Mb
Flavors: r-release-macos-arm64, r-release-macos-x86_64, r-oldrel-macos-arm64, r-oldrel-macos-x86_64