Last updated on 2024-08-07 00:49:19 CEST.
Flavor | Version | Tinstall | Tcheck | Ttotal | Status | Flags |
---|---|---|---|---|---|---|
r-devel-linux-x86_64-debian-clang | 11.0-0 | 38.48 | 83.39 | 121.87 | OK | |
r-devel-linux-x86_64-debian-gcc | 11.0-0 | 31.61 | 62.45 | 94.06 | OK | |
r-devel-linux-x86_64-fedora-clang | 11.0-0 | 202.97 | NOTE | |||
r-devel-linux-x86_64-fedora-gcc | 11.0-0 | 210.57 | OK | |||
r-devel-windows-x86_64 | 11.0-0 | 42.00 | 119.00 | 161.00 | NOTE | |
r-patched-linux-x86_64 | 11.0-0 | 41.31 | 80.99 | 122.30 | OK | |
r-release-linux-x86_64 | 11.0-0 | 38.51 | 82.29 | 120.80 | OK | |
r-release-macos-arm64 | 11.0-0 | 78.00 | NOTE | |||
r-release-macos-x86_64 | 11.0-0 | 113.00 | NOTE | |||
r-release-windows-x86_64 | 11.0-0 | 40.00 | 118.00 | 158.00 | NOTE | |
r-oldrel-macos-arm64 | 11.0-0 | 86.00 | NOTE | |||
r-oldrel-macos-x86_64 | 11.0-0 | 191.00 | NOTE | |||
r-oldrel-windows-x86_64 | 11.0-0 | 54.00 | 132.00 | 186.00 | NOTE |
Version: 11.0-0
Check: installed package size
Result: NOTE
installed size is 6.5Mb
sub-directories of 1Mb or more:
data 5.6Mb
Flavors: r-devel-linux-x86_64-fedora-clang, r-devel-windows-x86_64, r-release-macos-arm64, r-release-macos-x86_64, r-release-windows-x86_64, r-oldrel-macos-arm64, r-oldrel-macos-x86_64, r-oldrel-windows-x86_64
Version: 11.0-0
Check: Rd cross-references
Result: NOTE
Undeclared package ‘plyr’ in Rd xrefs
Flavor: r-devel-linux-x86_64-fedora-clang