Last updated on 2024-08-07 00:49:20 CEST.
Flavor | Version | Tinstall | Tcheck | Ttotal | Status | Flags |
---|---|---|---|---|---|---|
r-devel-linux-x86_64-debian-clang | 1.1 | 4.26 | 46.41 | 50.67 | NOTE | |
r-devel-linux-x86_64-debian-gcc | 1.1 | 3.81 | 33.89 | 37.70 | NOTE | |
r-devel-linux-x86_64-fedora-clang | 1.1 | 88.05 | NOTE | |||
r-devel-linux-x86_64-fedora-gcc | 1.1 | 92.13 | NOTE | |||
r-devel-windows-x86_64 | 1.1 | 6.00 | 77.00 | 83.00 | NOTE | |
r-patched-linux-x86_64 | 1.1 | 5.19 | 44.08 | 49.27 | NOTE | |
r-release-linux-x86_64 | 1.1 | 4.40 | 45.46 | 49.86 | NOTE | |
r-release-macos-arm64 | 1.1 | 29.00 | NOTE | |||
r-release-macos-x86_64 | 1.1 | 54.00 | NOTE | |||
r-release-windows-x86_64 | 1.1 | 6.00 | 75.00 | 81.00 | NOTE | |
r-oldrel-macos-arm64 | 1.1 | 30.00 | NOTE | |||
r-oldrel-macos-x86_64 | 1.1 | 49.00 | NOTE | |||
r-oldrel-windows-x86_64 | 1.1 | 7.00 | 84.00 | 91.00 | NOTE |
Version: 1.1
Check: Rd files
Result: NOTE
checkRd: (-1) clusterDistance.Rd:28-29: Lost braces
28 | \code{approach} indicates the algorithm used to get the value. \code{distance} indicates the distance used to get the value. Possible values: {\code{'MAX'},
| ^
checkRd: (-1) clusterDistance.details.Rd:28-29: Lost braces
28 | \code{approach} indicates the algorithm used to get the value. \code{distance} indicates the distance used to get the value. Possible values: {\code{'MAX'},
| ^
checkRd: (-1) clusterDistanceByApproach.Rd:24-25: Lost braces
24 | \code{approach} indicates the algorithm used to get the value. Possible values: {\code{'MAX'},
| ^
checkRd: (-1) clusterDistanceByApproach.details.Rd:24-25: Lost braces
24 | \code{approach} indicates the algorithm used to get the value. Possible values: {\code{'MAX'},
| ^
Flavors: r-devel-linux-x86_64-debian-clang, r-devel-linux-x86_64-debian-gcc, r-devel-linux-x86_64-fedora-clang, r-devel-linux-x86_64-fedora-gcc, r-devel-windows-x86_64, r-patched-linux-x86_64, r-release-linux-x86_64, r-release-macos-arm64, r-release-macos-x86_64, r-release-windows-x86_64
Version: 1.1
Check: LazyData
Result: NOTE
'LazyData' is specified without a 'data' directory
Flavors: r-devel-linux-x86_64-debian-clang, r-devel-linux-x86_64-debian-gcc, r-devel-linux-x86_64-fedora-clang, r-devel-linux-x86_64-fedora-gcc, r-devel-windows-x86_64, r-patched-linux-x86_64, r-release-linux-x86_64, r-release-macos-arm64, r-release-macos-x86_64, r-release-windows-x86_64, r-oldrel-macos-arm64, r-oldrel-macos-x86_64, r-oldrel-windows-x86_64