Last updated on 2024-08-07 00:49:20 CEST.
Flavor | Version | Tinstall | Tcheck | Ttotal | Status | Flags |
---|---|---|---|---|---|---|
r-devel-linux-x86_64-debian-clang | 1.0.1 | 7.56 | 89.05 | 96.61 | OK | |
r-devel-linux-x86_64-debian-gcc | 1.0.1 | 5.93 | 66.30 | 72.23 | OK | |
r-devel-linux-x86_64-fedora-clang | 1.0.1 | 157.24 | NOTE | |||
r-devel-linux-x86_64-fedora-gcc | 1.0.1 | 164.88 | NOTE | |||
r-devel-windows-x86_64 | 1.0.1 | 9.00 | 94.00 | 103.00 | OK | |
r-patched-linux-x86_64 | 1.0.1 | 6.89 | 86.26 | 93.15 | OK | |
r-release-linux-x86_64 | 1.0.1 | 6.94 | 85.86 | 92.80 | OK | |
r-release-macos-arm64 | 1.0.1 | 50.00 | OK | |||
r-release-macos-x86_64 | 1.0.1 | 105.00 | OK | |||
r-release-windows-x86_64 | 1.0.1 | 10.00 | 94.00 | 104.00 | OK | |
r-oldrel-macos-arm64 | 1.0.1 | 48.00 | OK | |||
r-oldrel-macos-x86_64 | 1.0.1 | 100.00 | OK | |||
r-oldrel-windows-x86_64 | 1.0.1 | 11.00 | 108.00 | 119.00 | OK |
Version: 1.0.1
Check: dependencies in R code
Result: NOTE
Namespaces in Imports field not imported from:
‘itertools’ ‘knitr’ ‘utils’
All declared Imports should be used.
Flavors: r-devel-linux-x86_64-fedora-clang, r-devel-linux-x86_64-fedora-gcc