Last updated on 2024-08-07 00:49:20 CEST.
Flavor | Version | Tinstall | Tcheck | Ttotal | Status | Flags |
---|---|---|---|---|---|---|
r-devel-linux-x86_64-debian-clang | 1.1.7 | 128.02 | 167.39 | 295.41 | NOTE | |
r-devel-linux-x86_64-debian-gcc | 1.1.7 | 102.29 | 131.03 | 233.32 | NOTE | |
r-devel-linux-x86_64-fedora-clang | 1.1.7 | 483.22 | NOTE | |||
r-devel-linux-x86_64-fedora-gcc | 1.1.7 | 584.63 | NOTE | |||
r-devel-windows-x86_64 | 1.1.7 | 119.00 | 224.00 | 343.00 | NOTE | |
r-patched-linux-x86_64 | 1.1.7 | 134.36 | 174.20 | 308.56 | NOTE | |
r-release-linux-x86_64 | 1.1.7 | 135.52 | 174.92 | 310.44 | NOTE | |
r-release-macos-arm64 | 1.1.7 | 126.00 | NOTE | |||
r-release-macos-x86_64 | 1.1.7 | 226.00 | NOTE | |||
r-release-windows-x86_64 | 1.1.7 | 122.00 | 225.00 | 347.00 | NOTE | |
r-oldrel-macos-arm64 | 1.1.7 | 131.00 | NOTE | |||
r-oldrel-macos-x86_64 | 1.1.7 | 275.00 | NOTE | |||
r-oldrel-windows-x86_64 | 1.1.7 | 161.00 | 260.00 | 421.00 | NOTE |
Version: 1.1.7
Check: for GNU extensions in Makefiles
Result: NOTE
GNU make is a SystemRequirements.
Flavors: r-devel-linux-x86_64-debian-clang, r-devel-linux-x86_64-debian-gcc, r-devel-linux-x86_64-fedora-clang, r-devel-linux-x86_64-fedora-gcc, r-devel-windows-x86_64, r-patched-linux-x86_64, r-release-linux-x86_64, r-release-macos-arm64, r-release-macos-x86_64, r-release-windows-x86_64, r-oldrel-macos-arm64, r-oldrel-macos-x86_64, r-oldrel-windows-x86_64
Version: 1.1.7
Check: installed package size
Result: NOTE
installed size is 38.4Mb
sub-directories of 1Mb or more:
libs 38.0Mb
Flavors: r-release-macos-arm64, r-release-macos-x86_64, r-oldrel-macos-arm64, r-oldrel-macos-x86_64