Last updated on 2024-08-07 00:49:20 CEST.
Flavor | Version | Tinstall | Tcheck | Ttotal | Status | Flags |
---|---|---|---|---|---|---|
r-devel-linux-x86_64-debian-clang | 1.22.2 | 8.16 | 63.36 | 71.52 | OK | |
r-devel-linux-x86_64-debian-gcc | 1.22.2 | 5.12 | 47.43 | 52.55 | OK | |
r-devel-linux-x86_64-fedora-clang | 1.22.2 | 116.62 | OK | |||
r-devel-linux-x86_64-fedora-gcc | 1.22.2 | 123.69 | OK | |||
r-devel-windows-x86_64 | 1.22.2 | 12.00 | 108.00 | 120.00 | OK | |
r-patched-linux-x86_64 | 1.22.2 | 8.64 | 60.95 | 69.59 | OK | |
r-release-linux-x86_64 | 1.22.2 | 6.93 | 61.00 | 67.93 | OK | |
r-release-macos-arm64 | 1.22.2 | 43.00 | OK | |||
r-release-macos-x86_64 | 1.22.2 | 72.00 | WARN | |||
r-release-windows-x86_64 | 1.22.2 | 13.00 | 107.00 | 120.00 | OK | |
r-oldrel-macos-arm64 | 1.22.2 | 49.00 | OK | |||
r-oldrel-macos-x86_64 | 1.22.2 | 144.00 | OK | |||
r-oldrel-windows-x86_64 | 1.22.2 | 12.00 | 121.00 | 133.00 | OK |
Version: 1.22.2
Check: re-building of vignette outputs
Result: WARN
Error(s) in re-building vignettes:
...
--- re-building ‘MALDIquant-intro.Rnw’ using knitr
Error: processing vignette 'MALDIquant-intro.Rnw' failed with diagnostics:
Running 'texi2dvi' on 'MALDIquant-intro.tex' failed.
LaTeX errors:
! Undefined control sequence.
l.166 \hldef
{> }\hlkwd{install.packages}\hldef{(}\hlkwd{c}\hldef{(}\hlsng{"M...
?
! Emergency stop.
l.166
End of file on the terminal!
! ==> Fatal error occurred, no output PDF file produced!
--- failed re-building ‘MALDIquant-intro.Rnw’
SUMMARY: processing the following file failed:
‘MALDIquant-intro.Rnw’
Error: Vignette re-building failed.
Execution halted
Flavor: r-release-macos-x86_64