Last updated on 2024-08-07 00:49:21 CEST.
Flavor | Version | Tinstall | Tcheck | Ttotal | Status | Flags |
---|---|---|---|---|---|---|
r-devel-linux-x86_64-debian-clang | 0.1.4.2 | 24.98 | 139.63 | 164.61 | OK | |
r-devel-linux-x86_64-debian-gcc | 0.1.4.2 | 21.44 | 115.60 | 137.04 | OK | |
r-devel-linux-x86_64-fedora-clang | 0.1.4.2 | 280.76 | OK | |||
r-devel-linux-x86_64-fedora-gcc | 0.1.4.2 | 402.47 | OK | |||
r-devel-windows-x86_64 | 0.1.4.2 | 29.00 | 149.00 | 178.00 | OK | |
r-patched-linux-x86_64 | 0.1.4.2 | 28.01 | 147.64 | 175.65 | OK | |
r-release-linux-x86_64 | 0.1.4.2 | 25.71 | 150.33 | 176.04 | OK | |
r-release-macos-arm64 | 0.1.4.2 | 124.00 | NOTE | |||
r-release-macos-x86_64 | 0.1.4.2 | 177.00 | NOTE | |||
r-release-windows-x86_64 | 0.1.4.2 | 28.00 | 152.00 | 180.00 | OK | |
r-oldrel-macos-arm64 | 0.1.4.2 | 132.00 | NOTE | |||
r-oldrel-macos-x86_64 | 0.1.4.2 | 299.00 | NOTE | |||
r-oldrel-windows-x86_64 | 0.1.4.2 | 39.00 | 184.00 | 223.00 | OK |
Version: 0.1.4.2
Check: installed package size
Result: NOTE
installed size is 5.1Mb
sub-directories of 1Mb or more:
R 1.1Mb
data 3.9Mb
Flavors: r-release-macos-arm64, r-release-macos-x86_64, r-oldrel-macos-arm64, r-oldrel-macos-x86_64