Last updated on 2024-08-07 00:49:21 CEST.
Flavor | Version | Tinstall | Tcheck | Ttotal | Status | Flags |
---|---|---|---|---|---|---|
r-devel-linux-x86_64-debian-clang | 1.2.1 | 19.71 | 100.08 | 119.79 | OK | |
r-devel-linux-x86_64-debian-gcc | 1.2.1 | 13.99 | 69.73 | 83.72 | OK | |
r-devel-linux-x86_64-fedora-clang | 1.2.1 | 205.16 | NOTE | |||
r-devel-linux-x86_64-fedora-gcc | 1.2.1 | 185.03 | NOTE | |||
r-devel-windows-x86_64 | 1.2.1 | 22.00 | 124.00 | 146.00 | OK | |
r-patched-linux-x86_64 | 1.2.1 | 16.56 | 94.38 | 110.94 | OK | |
r-release-linux-x86_64 | 1.2.1 | 18.55 | 95.11 | 113.66 | OK | |
r-release-macos-arm64 | 1.2.1 | 53.00 | OK | |||
r-release-macos-x86_64 | 1.2.1 | 76.00 | OK | |||
r-release-windows-x86_64 | 1.2.1 | 22.00 | 126.00 | 148.00 | OK | |
r-oldrel-macos-arm64 | 1.2.1 | 64.00 | OK | |||
r-oldrel-macos-x86_64 | 1.2.1 | 134.00 | OK | |||
r-oldrel-windows-x86_64 | 1.2.1 | 30.00 | 157.00 | 187.00 | OK |
Version: 1.2.1
Check: dependencies in R code
Result: NOTE
Namespaces in Imports field not imported from:
‘MASS’ ‘Rdpack’ ‘copula’ ‘missMethods’
All declared Imports should be used.
Flavors: r-devel-linux-x86_64-fedora-clang, r-devel-linux-x86_64-fedora-gcc