Last updated on 2024-08-07 00:49:21 CEST.
Flavor | Version | Tinstall | Tcheck | Ttotal | Status | Flags |
---|---|---|---|---|---|---|
r-devel-linux-x86_64-debian-clang | 0.1-1 | 5.93 | 71.38 | 77.31 | NOTE | |
r-devel-linux-x86_64-debian-gcc | 0.1-1 | 4.07 | 52.31 | 56.38 | NOTE | |
r-devel-linux-x86_64-fedora-clang | 0.1-1 | 132.12 | NOTE | |||
r-devel-linux-x86_64-fedora-gcc | 0.1-1 | 132.17 | NOTE | |||
r-devel-windows-x86_64 | 0.1-1 | 8.00 | 116.00 | 124.00 | NOTE | |
r-patched-linux-x86_64 | 0.1-1 | 6.28 | 67.88 | 74.16 | NOTE | |
r-release-linux-x86_64 | 0.1-1 | 5.36 | 68.83 | 74.19 | NOTE | |
r-release-macos-arm64 | 0.1-1 | 46.00 | NOTE | |||
r-release-macos-x86_64 | 0.1-1 | 68.00 | NOTE | |||
r-release-windows-x86_64 | 0.1-1 | 7.00 | 117.00 | 124.00 | NOTE | |
r-oldrel-macos-arm64 | 0.1-1 | 51.00 | NOTE | |||
r-oldrel-macos-x86_64 | 0.1-1 | 70.00 | NOTE | |||
r-oldrel-windows-x86_64 | 0.1-1 | 10.00 | 121.00 | 131.00 | NOTE |
Version: 0.1-1
Check: LazyData
Result: NOTE
'LazyData' is specified without a 'data' directory
Flavors: r-devel-linux-x86_64-debian-clang, r-devel-linux-x86_64-debian-gcc, r-devel-linux-x86_64-fedora-clang, r-devel-linux-x86_64-fedora-gcc, r-devel-windows-x86_64, r-patched-linux-x86_64, r-release-linux-x86_64, r-release-macos-arm64, r-release-macos-x86_64, r-release-windows-x86_64, r-oldrel-macos-arm64, r-oldrel-macos-x86_64, r-oldrel-windows-x86_64