Last updated on 2024-08-08 08:49:20 CEST.
Flavor | Version | Tinstall | Tcheck | Ttotal | Status | Flags |
---|---|---|---|---|---|---|
r-devel-linux-x86_64-debian-clang | 1.0.1 | 4.99 | 53.16 | 58.15 | NOTE | |
r-devel-linux-x86_64-debian-gcc | 1.0.1 | 4.01 | 39.22 | 43.23 | NOTE | |
r-devel-linux-x86_64-fedora-clang | 1.0.1 | 105.68 | NOTE | |||
r-devel-linux-x86_64-fedora-gcc | 1.0.1 | 109.88 | OK | |||
r-devel-windows-x86_64 | 1.0.1 | 7.00 | 85.00 | 92.00 | NOTE | |
r-patched-linux-x86_64 | 1.0.1 | 6.06 | 51.71 | 57.77 | OK | |
r-release-linux-x86_64 | 1.0.1 | 5.29 | 51.84 | 57.13 | OK | |
r-release-macos-arm64 | 1.0.1 | 37.00 | NOTE | |||
r-release-macos-x86_64 | 1.0.1 | 58.00 | NOTE | |||
r-release-windows-x86_64 | 1.0.1 | 8.00 | 86.00 | 94.00 | NOTE | |
r-oldrel-macos-arm64 | 1.0.1 | 36.00 | NOTE | |||
r-oldrel-macos-x86_64 | 1.0.1 | 61.00 | NOTE | |||
r-oldrel-windows-x86_64 | 1.0.1 | 7.00 | 85.00 | 92.00 | NOTE |
Version: 1.0.1
Check: Rd cross-references
Result: NOTE
Found the following Rd file(s) with Rd \link{} targets missing package
anchors:
ramachandran.Rd: hist2d
Please provide package anchors for all Rd \link{} targets not in the
package itself and the base packages.
Flavors: r-devel-linux-x86_64-debian-clang, r-devel-linux-x86_64-debian-gcc, r-devel-windows-x86_64
Version: 1.0.1
Check: installed package size
Result: NOTE
installed size is 7.6Mb
sub-directories of 1Mb or more:
doc 1.9Mb
extdata 5.3Mb
Flavors: r-devel-linux-x86_64-fedora-clang, r-devel-windows-x86_64, r-release-macos-arm64, r-release-macos-x86_64, r-release-windows-x86_64, r-oldrel-macos-arm64, r-oldrel-macos-x86_64, r-oldrel-windows-x86_64