Last updated on 2024-08-07 00:49:21 CEST.
Flavor | Version | Tinstall | Tcheck | Ttotal | Status | Flags |
---|---|---|---|---|---|---|
r-devel-linux-x86_64-debian-clang | 1.3.7 | 28.61 | 157.52 | 186.13 | NOTE | |
r-devel-linux-x86_64-debian-gcc | 1.3.7 | 20.50 | 110.32 | 130.82 | NOTE | |
r-devel-linux-x86_64-fedora-clang | 1.3.7 | 331.19 | NOTE | |||
r-devel-linux-x86_64-fedora-gcc | 1.3.7 | 309.17 | NOTE | |||
r-devel-windows-x86_64 | 1.3.7 | 32.00 | 210.00 | 242.00 | OK | |
r-patched-linux-x86_64 | 1.3.7 | 29.70 | 152.46 | 182.16 | NOTE | |
r-release-linux-x86_64 | 1.3.7 | 29.54 | 152.55 | 182.09 | NOTE | |
r-release-macos-arm64 | 1.3.7 | 109.00 | OK | |||
r-release-macos-x86_64 | 1.3.7 | 227.00 | OK | |||
r-release-windows-x86_64 | 1.3.7 | 31.00 | 210.00 | 241.00 | OK | |
r-oldrel-macos-arm64 | 1.3.7 | 124.00 | OK | |||
r-oldrel-macos-x86_64 | 1.3.7 | 187.00 | OK | |||
r-oldrel-windows-x86_64 | 1.3.7 | 45.00 | 281.00 | 326.00 | OK |
Version: 1.3.7
Check: for non-standard things in the check directory
Result: NOTE
Found the following files/directories:
‘Data_Correlation.txt’ ‘correlation_FDR_table.txt’
Flavors: r-devel-linux-x86_64-debian-clang, r-devel-linux-x86_64-debian-gcc, r-devel-linux-x86_64-fedora-clang, r-devel-linux-x86_64-fedora-gcc, r-patched-linux-x86_64, r-release-linux-x86_64