Last updated on 2024-08-07 00:49:21 CEST.
Flavor | Version | Tinstall | Tcheck | Ttotal | Status | Flags |
---|---|---|---|---|---|---|
r-devel-linux-x86_64-debian-clang | 0.2.2 | 4.76 | 202.58 | 207.34 | NOTE | |
r-devel-linux-x86_64-debian-gcc | 0.2.2 | 3.45 | 202.74 | 206.19 | NOTE | |
r-devel-linux-x86_64-fedora-clang | 0.2.2 | 348.93 | NOTE | |||
r-devel-linux-x86_64-fedora-gcc | 0.2.2 | 409.88 | NOTE | |||
r-devel-windows-x86_64 | 0.2.2 | 6.00 | 297.00 | 303.00 | NOTE | |
r-patched-linux-x86_64 | 0.2.2 | 5.55 | 243.40 | 248.95 | NOTE | |
r-release-linux-x86_64 | 0.2.2 | 5.36 | 243.48 | 248.84 | NOTE | |
r-release-macos-arm64 | 0.2.2 | 151.00 | NOTE | |||
r-release-macos-x86_64 | 0.2.2 | 240.00 | NOTE | |||
r-release-windows-x86_64 | 0.2.2 | 6.00 | 291.00 | 297.00 | NOTE | |
r-oldrel-macos-arm64 | 0.2.2 | 170.00 | OK | |||
r-oldrel-macos-x86_64 | 0.2.2 | 257.00 | OK | |||
r-oldrel-windows-x86_64 | 0.2.2 | 8.00 | 332.00 | 340.00 | OK |
Version: 0.2.2
Check: Rd files
Result: NOTE
checkRd: (-1) ssvdEN_sol_path.Rd:58: Lost braces; missing escapes or markup?
58 | \item{tol}{Convergence is determined when ||U_j - U_{j-1}||_F < tol,
| ^
checkRd: (-1) ssvdEN_sol_path_par.Rd:59: Lost braces; missing escapes or markup?
59 | \item{tol}{Convergence is determined when ||U_j - U_{j-1}||_F < tol,
| ^
Flavors: r-devel-linux-x86_64-debian-clang, r-devel-linux-x86_64-debian-gcc, r-devel-linux-x86_64-fedora-clang, r-devel-linux-x86_64-fedora-gcc, r-devel-windows-x86_64, r-patched-linux-x86_64, r-release-linux-x86_64, r-release-macos-arm64, r-release-macos-x86_64, r-release-windows-x86_64