Last updated on 2024-08-07 00:49:22 CEST.
Flavor | Version | Tinstall | Tcheck | Ttotal | Status | Flags |
---|---|---|---|---|---|---|
r-devel-linux-x86_64-debian-clang | 0.1.2 | 98.51 | 59.07 | 157.58 | NOTE | |
r-devel-linux-x86_64-debian-gcc | 0.1.2 | 69.09 | 42.63 | 111.72 | NOTE | |
r-devel-linux-x86_64-fedora-clang | 0.1.2 | 271.70 | OK | |||
r-devel-linux-x86_64-fedora-gcc | 0.1.2 | 309.24 | OK | |||
r-devel-windows-x86_64 | 0.1.2 | 96.00 | 124.00 | 220.00 | NOTE | |
r-patched-linux-x86_64 | 0.1.2 | 97.54 | 57.98 | 155.52 | OK | |
r-release-linux-x86_64 | 0.1.2 | 89.99 | 58.10 | 148.09 | OK | |
r-release-macos-arm64 | 0.1.2 | 70.00 | NOTE | |||
r-release-macos-x86_64 | 0.1.2 | 121.00 | NOTE | |||
r-release-windows-x86_64 | 0.1.2 | 97.00 | 118.00 | 215.00 | OK | |
r-oldrel-macos-arm64 | 0.1.2 | 69.00 | NOTE | |||
r-oldrel-macos-x86_64 | 0.1.2 | 130.00 | NOTE | |||
r-oldrel-windows-x86_64 | 0.1.2 | 117.00 | 139.00 | 256.00 | OK |
Version: 0.1.2
Check: Rd cross-references
Result: NOTE
Found the following Rd file(s) with Rd \link{} targets missing package
anchors:
DLMMCTest.Rd: pso, GenSA, GA
HLRTest.Rd: slsqp, nloptr
Please provide package anchors for all Rd \link{} targets not in the
package itself and the base packages.
Flavors: r-devel-linux-x86_64-debian-clang, r-devel-linux-x86_64-debian-gcc, r-devel-windows-x86_64
Version: 0.1.2
Check: installed package size
Result: NOTE
installed size is 13.7Mb
sub-directories of 1Mb or more:
libs 12.8Mb
Flavors: r-release-macos-arm64, r-release-macos-x86_64, r-oldrel-macos-arm64, r-oldrel-macos-x86_64