Last updated on 2024-08-07 00:49:20 CEST.
Flavor | Version | Tinstall | Tcheck | Ttotal | Status | Flags |
---|---|---|---|---|---|---|
r-devel-linux-x86_64-debian-clang | 0.1.0 | 16.00 | 116.73 | 132.73 | OK | |
r-devel-linux-x86_64-debian-gcc | 0.1.0 | 13.81 | 88.35 | 102.16 | OK | |
r-devel-linux-x86_64-fedora-clang | 0.1.0 | 228.56 | NOTE | |||
r-devel-linux-x86_64-fedora-gcc | 0.1.0 | 211.80 | NOTE | |||
r-devel-windows-x86_64 | 0.1.0 | 18.00 | 110.00 | 128.00 | OK | |
r-patched-linux-x86_64 | 0.1.0 | 16.60 | 113.86 | 130.46 | OK | |
r-release-linux-x86_64 | 0.1.0 | 15.29 | 112.76 | 128.05 | OK | |
r-release-macos-arm64 | 0.1.0 | 59.00 | OK | |||
r-release-macos-x86_64 | 0.1.0 | 91.00 | OK | |||
r-release-windows-x86_64 | 0.1.0 | 18.00 | 109.00 | 127.00 | OK | |
r-oldrel-macos-arm64 | 0.1.0 | 66.00 | OK | |||
r-oldrel-macos-x86_64 | 0.1.0 | 125.00 | OK | |||
r-oldrel-windows-x86_64 | 0.1.0 | 21.00 | 138.00 | 159.00 | OK |
Version: 0.1.0
Check: dependencies in R code
Result: NOTE
Namespaces in Imports field not imported from:
‘shinythemes’ ‘topicmodels’
All declared Imports should be used.
Flavors: r-devel-linux-x86_64-fedora-clang, r-devel-linux-x86_64-fedora-gcc