Last updated on 2024-08-07 00:49:20 CEST.
Flavor | Version | Tinstall | Tcheck | Ttotal | Status | Flags |
---|---|---|---|---|---|---|
r-devel-linux-x86_64-debian-clang | 0.1.0 | 17.29 | 121.71 | 139.00 | OK | |
r-devel-linux-x86_64-debian-gcc | 0.1.0 | 13.36 | 91.25 | 104.61 | OK | |
r-devel-linux-x86_64-fedora-clang | 0.1.0 | 235.29 | NOTE | |||
r-devel-linux-x86_64-fedora-gcc | 0.1.0 | 218.05 | NOTE | |||
r-devel-windows-x86_64 | 0.1.0 | 18.00 | 115.00 | 133.00 | OK | |
r-patched-linux-x86_64 | 0.1.0 | 17.01 | 118.02 | 135.03 | OK | |
r-release-linux-x86_64 | 0.1.0 | 16.19 | 119.05 | 135.24 | OK | |
r-release-macos-arm64 | 0.1.0 | 62.00 | OK | |||
r-release-macos-x86_64 | 0.1.0 | 95.00 | OK | |||
r-release-windows-x86_64 | 0.1.0 | 18.00 | 116.00 | 134.00 | OK | |
r-oldrel-macos-arm64 | 0.1.0 | 82.00 | OK | |||
r-oldrel-macos-x86_64 | 0.1.0 | 122.00 | OK | |||
r-oldrel-windows-x86_64 | 0.1.0 | 23.00 | 148.00 | 171.00 | OK |
Version: 0.1.0
Check: dependencies in R code
Result: NOTE
Namespaces in Imports field not imported from:
‘ngram’ ‘shinythemes’ ‘topicmodels’
All declared Imports should be used.
Flavors: r-devel-linux-x86_64-fedora-clang, r-devel-linux-x86_64-fedora-gcc