Last updated on 2024-08-07 00:49:20 CEST.
Flavor | Version | Tinstall | Tcheck | Ttotal | Status | Flags |
---|---|---|---|---|---|---|
r-devel-linux-x86_64-debian-clang | 4.5.5 | 64.77 | 165.93 | 230.70 | NOTE | |
r-devel-linux-x86_64-debian-gcc | 4.5.5 | 41.63 | 118.38 | 160.01 | NOTE | |
r-devel-linux-x86_64-fedora-clang | 4.5.5 | 394.96 | NOTE | |||
r-devel-linux-x86_64-fedora-gcc | 4.5.5 | 408.78 | NOTE | |||
r-devel-windows-x86_64 | 4.5.5 | 65.00 | 207.00 | 272.00 | NOTE | |
r-patched-linux-x86_64 | 4.5.5 | 60.47 | 160.49 | 220.96 | NOTE | |
r-release-linux-x86_64 | 4.5.5 | 57.15 | 159.82 | 216.97 | NOTE | |
r-release-macos-arm64 | 4.5.5 | 109.00 | NOTE | |||
r-release-macos-x86_64 | 4.5.5 | 191.00 | NOTE | |||
r-release-windows-x86_64 | 4.5.5 | 67.00 | 203.00 | 270.00 | NOTE | |
r-oldrel-macos-arm64 | 4.5.5 | 124.00 | NOTE | |||
r-oldrel-macos-x86_64 | 4.5.5 | 256.00 | NOTE | |||
r-oldrel-windows-x86_64 | 4.5.5 | 77.00 | 246.00 | 323.00 | NOTE |
Version: 4.5.5
Check: package dependencies
Result: NOTE
Package suggested but not available for checking: ‘gurobi’
Flavors: r-devel-linux-x86_64-debian-clang, r-devel-linux-x86_64-debian-gcc, r-devel-linux-x86_64-fedora-clang, r-devel-linux-x86_64-fedora-gcc, r-devel-windows-x86_64, r-patched-linux-x86_64, r-release-linux-x86_64, r-release-macos-arm64, r-release-macos-x86_64, r-release-windows-x86_64, r-oldrel-macos-arm64, r-oldrel-macos-x86_64, r-oldrel-windows-x86_64
Version: 4.5.5
Check: installed package size
Result: NOTE
installed size is 5.8Mb
sub-directories of 1Mb or more:
doc 1.4Mb
libs 3.3Mb
Flavors: r-release-macos-arm64, r-release-macos-x86_64, r-oldrel-macos-arm64, r-oldrel-macos-x86_64