Last updated on 2024-08-07 00:49:21 CEST.
Flavor | Version | Tinstall | Tcheck | Ttotal | Status | Flags |
---|---|---|---|---|---|---|
r-devel-linux-x86_64-debian-clang | 1.0 | 15.67 | 22.13 | 37.80 | NOTE | |
r-devel-linux-x86_64-debian-gcc | 1.0 | 11.23 | 17.96 | 29.19 | NOTE | |
r-devel-linux-x86_64-fedora-clang | 1.0 | 65.63 | NOTE | |||
r-devel-linux-x86_64-fedora-gcc | 1.0 | 65.14 | NOTE | |||
r-devel-windows-x86_64 | 1.0 | 18.00 | 59.00 | 77.00 | NOTE | |
r-patched-linux-x86_64 | 1.0 | 14.51 | 21.27 | 35.78 | NOTE | |
r-release-linux-x86_64 | 1.0 | 14.61 | 21.43 | 36.04 | NOTE | |
r-release-macos-arm64 | 1.0 | 22.00 | NOTE | |||
r-release-macos-x86_64 | 1.0 | 31.00 | NOTE | |||
r-release-windows-x86_64 | 1.0 | 20.00 | 57.00 | 77.00 | NOTE | |
r-oldrel-macos-arm64 | 1.0 | 28.00 | NOTE | |||
r-oldrel-macos-x86_64 | 1.0 | 38.00 | NOTE | |||
r-oldrel-windows-x86_64 | 1.0 | 21.00 | 65.00 | 86.00 | NOTE |
Version: 1.0
Check: LazyData
Result: NOTE
'LazyData' is specified without a 'data' directory
Flavors: r-devel-linux-x86_64-debian-clang, r-devel-linux-x86_64-debian-gcc, r-devel-linux-x86_64-fedora-clang, r-devel-linux-x86_64-fedora-gcc, r-devel-windows-x86_64, r-patched-linux-x86_64, r-release-linux-x86_64, r-release-macos-arm64, r-release-macos-x86_64, r-release-windows-x86_64, r-oldrel-macos-arm64, r-oldrel-macos-x86_64, r-oldrel-windows-x86_64
Version: 1.0
Check: compiled code
Result: NOTE
File ‘MediaK/libs/MediaK.so’:
Found no calls to: ‘R_registerRoutines’, ‘R_useDynamicSymbols’
It is good practice to register native routines and to disable symbol
search.
See ‘Writing portable packages’ in the ‘Writing R Extensions’ manual.
Flavors: r-devel-linux-x86_64-fedora-clang, r-devel-linux-x86_64-fedora-gcc