Last updated on 2024-08-07 00:49:21 CEST.
Flavor | Version | Tinstall | Tcheck | Ttotal | Status | Flags |
---|---|---|---|---|---|---|
r-devel-linux-x86_64-debian-clang | 0.1.2 | 2.74 | 44.61 | 47.35 | NOTE | |
r-devel-linux-x86_64-debian-gcc | 0.1.2 | 1.96 | 32.26 | 34.22 | NOTE | |
r-devel-linux-x86_64-fedora-clang | 0.1.2 | 78.05 | OK | |||
r-devel-linux-x86_64-fedora-gcc | 0.1.2 | 73.53 | OK | |||
r-devel-windows-x86_64 | 0.1.2 | 4.00 | 77.00 | 81.00 | NOTE | |
r-patched-linux-x86_64 | 0.1.2 | 9.19 | 43.33 | 52.52 | OK | |
r-release-linux-x86_64 | 0.1.2 | 1.76 | 43.35 | 45.11 | OK | |
r-release-macos-arm64 | 0.1.2 | 30.00 | OK | |||
r-release-macos-x86_64 | 0.1.2 | 39.00 | OK | |||
r-release-windows-x86_64 | 0.1.2 | 4.00 | 78.00 | 82.00 | OK | |
r-oldrel-macos-arm64 | 0.1.2 | 33.00 | OK | |||
r-oldrel-macos-x86_64 | 0.1.2 | 46.00 | OK | |||
r-oldrel-windows-x86_64 | 0.1.2 | 6.00 | 78.00 | 84.00 | OK |
Version: 0.1.2
Check: Rd cross-references
Result: NOTE
Found the following Rd file(s) with Rd \link{} targets missing package
anchors:
MiBiClassGBODT.Rd: createFolds, gbm, roc
MiIntDepthAjust.Rd: gbm
MiNTreesAjust.Rd: gbm
MiNorm.Rd: backgroundCorrect, normalize.quantiles, SQN,
normalizeCyclicLoess
MiShrinkAjust.Rd: gbm
MiStatCount.Rd: rowttests
Please provide package anchors for all Rd \link{} targets not in the
package itself and the base packages.
Flavors: r-devel-linux-x86_64-debian-clang, r-devel-linux-x86_64-debian-gcc, r-devel-windows-x86_64