Last updated on 2024-08-07 00:49:21 CEST.
Flavor | Version | Tinstall | Tcheck | Ttotal | Status | Flags |
---|---|---|---|---|---|---|
r-devel-linux-x86_64-debian-clang | 1.5.16 | 331.02 | 83.49 | 414.51 | OK | |
r-devel-linux-x86_64-debian-gcc | 1.5.16 | 274.84 | 61.30 | 336.14 | OK | |
r-devel-linux-x86_64-fedora-clang | 1.5.16 | 853.17 | OK | |||
r-devel-linux-x86_64-fedora-gcc | 1.5.16 | 992.38 | OK | |||
r-devel-windows-x86_64 | 1.5.16 | 400.00 | 185.00 | 585.00 | OK | |
r-patched-linux-x86_64 | 1.5.16 | 369.87 | 79.78 | 449.65 | OK | |
r-release-linux-x86_64 | 1.5.16 | 381.66 | 80.00 | 461.66 | OK | |
r-release-macos-arm64 | 1.5.16 | 208.00 | NOTE | |||
r-release-macos-x86_64 | 1.5.16 | 208.00 | NOTE | |||
r-release-windows-x86_64 | 1.5.16 | 408.00 | 187.00 | 595.00 | OK | |
r-oldrel-macos-arm64 | 1.5.16 | 213.00 | NOTE | |||
r-oldrel-macos-x86_64 | 1.5.16 | 238.00 | NOTE | |||
r-oldrel-windows-x86_64 | 1.5.16 | 477.00 | 201.00 | 678.00 | OK |
Version: 1.5.16
Check: installed package size
Result: NOTE
installed size is 26.6Mb
sub-directories of 1Mb or more:
libs 24.1Mb
Flavors: r-release-macos-arm64, r-release-macos-x86_64, r-oldrel-macos-arm64, r-oldrel-macos-x86_64