Last updated on 2024-08-07 00:49:22 CEST.
Flavor | Version | Tinstall | Tcheck | Ttotal | Status | Flags |
---|---|---|---|---|---|---|
r-devel-linux-x86_64-debian-clang | 0.6.3 | 11.39 | 28.37 | 39.76 | NOTE | |
r-devel-linux-x86_64-debian-gcc | 0.6.3 | 8.14 | 22.67 | 30.81 | NOTE | |
r-devel-linux-x86_64-fedora-clang | 0.6.3 | 69.53 | NOTE | |||
r-devel-linux-x86_64-fedora-gcc | 0.6.3 | 66.81 | NOTE | |||
r-devel-windows-x86_64 | 0.6.3 | 15.00 | 63.00 | 78.00 | NOTE | |
r-patched-linux-x86_64 | 0.6.3 | 13.75 | 27.80 | 41.55 | OK | |
r-release-linux-x86_64 | 0.6.3 | 10.25 | 27.59 | 37.84 | OK | |
r-release-macos-arm64 | 0.6.3 | 27.00 | OK | |||
r-release-macos-x86_64 | 0.6.3 | 36.00 | OK | |||
r-release-windows-x86_64 | 0.6.3 | 16.00 | 60.00 | 76.00 | OK | |
r-oldrel-macos-arm64 | 0.6.3 | 31.00 | OK | |||
r-oldrel-macos-x86_64 | 0.6.3 | 37.00 | OK | |||
r-oldrel-windows-x86_64 | 0.6.3 | 18.00 | 74.00 | 92.00 | OK |
Version: 0.6.3
Check: Rd cross-references
Result: NOTE
Found the following Rd file(s) with Rd \link{} targets missing package
anchors:
Compute_Cn1n2.Rd: Rcpp
plot-MuChPoint.Rd: capushe
Please provide package anchors for all Rd \link{} targets not in the
package itself and the base packages.
Flavors: r-devel-linux-x86_64-debian-clang, r-devel-linux-x86_64-debian-gcc, r-devel-windows-x86_64
Version: 0.6.3
Check: dependencies in R code
Result: NOTE
Namespaces in Imports field not imported from:
‘Matrix’ ‘capushe’ ‘shiny’
All declared Imports should be used.
Flavors: r-devel-linux-x86_64-fedora-clang, r-devel-linux-x86_64-fedora-gcc