Last updated on 2024-08-07 00:49:22 CEST.
Flavor | Version | Tinstall | Tcheck | Ttotal | Status | Flags |
---|---|---|---|---|---|---|
r-devel-linux-x86_64-debian-clang | 0.5.0 | 13.50 | 184.74 | 198.24 | NOTE | |
r-devel-linux-x86_64-debian-gcc | 0.5.0 | 8.37 | 139.70 | 148.07 | NOTE | |
r-devel-linux-x86_64-fedora-clang | 0.5.0 | 322.87 | OK | |||
r-devel-linux-x86_64-fedora-gcc | 0.5.0 | 315.50 | OK | |||
r-devel-windows-x86_64 | 0.5.0 | 15.00 | 180.00 | 195.00 | NOTE | |
r-patched-linux-x86_64 | 0.5.0 | 20.30 | 177.03 | 197.33 | OK | |
r-release-linux-x86_64 | 0.5.0 | 12.88 | 178.16 | 191.04 | OK | |
r-release-macos-arm64 | 0.5.0 | 78.00 | OK | |||
r-release-macos-x86_64 | 0.5.0 | 131.00 | OK | |||
r-release-windows-x86_64 | 0.5.0 | 17.00 | 181.00 | 198.00 | OK | |
r-oldrel-macos-arm64 | 0.5.0 | 89.00 | OK | |||
r-oldrel-macos-x86_64 | 0.5.0 | 149.00 | OK | |||
r-oldrel-windows-x86_64 | 0.5.0 | 18.00 | 224.00 | 242.00 | OK |
Version: 0.5.0
Check: Rd cross-references
Result: NOTE
Found the following Rd file(s) with Rd \link{} targets missing package
anchors:
ComponentesPrincipais.Misto.Rd: PCAmix
Please provide package anchors for all Rd \link{} targets not in the
package itself and the base packages.
Flavors: r-devel-linux-x86_64-debian-clang, r-devel-linux-x86_64-debian-gcc, r-devel-windows-x86_64