Last updated on 2024-08-07 00:49:22 CEST.
Flavor | Version | Tinstall | Tcheck | Ttotal | Status | Flags |
---|---|---|---|---|---|---|
r-devel-linux-x86_64-debian-clang | 0.1.3.3 | 2.27 | 23.58 | 25.85 | OK | |
r-devel-linux-x86_64-debian-gcc | 0.1.3.3 | 1.84 | 18.74 | 20.58 | OK | |
r-devel-linux-x86_64-fedora-clang | 0.1.3.3 | 42.66 | NOTE | |||
r-devel-linux-x86_64-fedora-gcc | 0.1.3.3 | 52.75 | NOTE | |||
r-devel-windows-x86_64 | 0.1.3.3 | 4.00 | 45.00 | 49.00 | OK | |
r-patched-linux-x86_64 | 0.1.3.3 | 1.85 | 22.59 | 24.44 | OK | |
r-release-linux-x86_64 | 0.1.3.3 | 2.15 | 22.85 | 25.00 | OK | |
r-release-macos-arm64 | 0.1.3.3 | 32.00 | OK | |||
r-release-macos-x86_64 | 0.1.3.3 | 35.00 | OK | |||
r-release-windows-x86_64 | 0.1.3.3 | 4.00 | 47.00 | 51.00 | OK | |
r-oldrel-macos-arm64 | 0.1.3.3 | 24.00 | OK | |||
r-oldrel-macos-x86_64 | 0.1.3.3 | 35.00 | OK | |||
r-oldrel-windows-x86_64 | 0.1.3.3 | 4.00 | 49.00 | 53.00 | OK |
Version: 0.1.3.3
Check: data for non-ASCII characters
Result: NOTE
Note: found 140 marked UTF-8 strings
Flavors: r-devel-linux-x86_64-fedora-clang, r-devel-linux-x86_64-fedora-gcc