Last updated on 2024-08-07 00:49:22 CEST.
Flavor | Version | Tinstall | Tcheck | Ttotal | Status | Flags |
---|---|---|---|---|---|---|
r-devel-linux-x86_64-debian-clang | 2.1.0 | 2.57 | 20.14 | 22.71 | NOTE | |
r-devel-linux-x86_64-debian-gcc | 2.1.0 | 2.23 | 16.24 | 18.47 | NOTE | |
r-devel-linux-x86_64-fedora-clang | 2.1.0 | 36.38 | NOTE | |||
r-devel-linux-x86_64-fedora-gcc | 2.1.0 | 34.74 | NOTE | |||
r-devel-windows-x86_64 | 2.1.0 | 3.00 | 42.00 | 45.00 | NOTE | |
r-patched-linux-x86_64 | 2.1.0 | 2.71 | 19.69 | 22.40 | NOTE | |
r-release-linux-x86_64 | 2.1.0 | 2.58 | 19.63 | 22.21 | NOTE | |
r-release-macos-arm64 | 2.1.0 | 17.00 | NOTE | |||
r-release-macos-x86_64 | 2.1.0 | 27.00 | NOTE | |||
r-release-windows-x86_64 | 2.1.0 | 3.00 | 42.00 | 45.00 | NOTE | |
r-oldrel-macos-arm64 | 2.1.0 | 17.00 | OK | |||
r-oldrel-macos-x86_64 | 2.1.0 | 23.00 | OK | |||
r-oldrel-windows-x86_64 | 2.1.0 | 5.00 | 42.00 | 47.00 | OK |
Version: 2.1.0
Check: Rd files
Result: NOTE
checkRd: (-1) NHANES.Rd:278: Lost braces
278 | \code{AgeFirstMarij}{Age participant first tried marijuana. Reported for participants aged 18 to 59 years.}
| ^
Flavors: r-devel-linux-x86_64-debian-clang, r-devel-linux-x86_64-debian-gcc, r-devel-linux-x86_64-fedora-clang, r-devel-linux-x86_64-fedora-gcc, r-devel-windows-x86_64, r-patched-linux-x86_64, r-release-linux-x86_64, r-release-macos-arm64, r-release-macos-x86_64, r-release-windows-x86_64