Last updated on 2024-08-07 00:49:22 CEST.
Flavor | Version | Tinstall | Tcheck | Ttotal | Status | Flags |
---|---|---|---|---|---|---|
r-devel-linux-x86_64-debian-clang | 0.2-1 | 3.94 | 29.81 | 33.75 | OK | |
r-devel-linux-x86_64-debian-gcc | 0.3-0 | 3.05 | 21.75 | 24.80 | OK | |
r-devel-linux-x86_64-fedora-clang | 0.3-0 | 57.83 | NOTE | |||
r-devel-linux-x86_64-fedora-gcc | 0.3-0 | 51.04 | OK | |||
r-devel-windows-x86_64 | 0.2-1 | 6.00 | 58.00 | 64.00 | OK | |
r-patched-linux-x86_64 | 0.2-1 | 3.79 | 28.81 | 32.60 | OK | |
r-release-linux-x86_64 | 0.3-0 | 3.27 | 29.33 | 32.60 | OK | |
r-release-macos-arm64 | 0.3-0 | 30.00 | OK | |||
r-release-macos-x86_64 | 0.3-0 | 72.00 | OK | |||
r-release-windows-x86_64 | 0.2-1 | 6.00 | 57.00 | 63.00 | OK | |
r-oldrel-macos-arm64 | 0.3-0 | 27.00 | OK | |||
r-oldrel-macos-x86_64 | 0.3-0 | 50.00 | OK | |||
r-oldrel-windows-x86_64 | 0.2-1 | 5.00 | 59.00 | 64.00 | OK |
Version: 0.3-0
Check: Rd cross-references
Result: NOTE
Undeclared package ‘tm’ in Rd xrefs
Flavor: r-devel-linux-x86_64-fedora-clang