Last updated on 2024-08-07 00:49:22 CEST.
Flavor | Version | Tinstall | Tcheck | Ttotal | Status | Flags |
---|---|---|---|---|---|---|
r-devel-linux-x86_64-debian-clang | 1.0.1 | 2.09 | 24.05 | 26.14 | NOTE | |
r-devel-linux-x86_64-debian-gcc | 1.0.1 | 1.62 | 17.93 | 19.55 | NOTE | |
r-devel-linux-x86_64-fedora-clang | 1.0.1 | 42.39 | NOTE | |||
r-devel-linux-x86_64-fedora-gcc | 1.0.1 | 39.94 | NOTE | |||
r-devel-windows-x86_64 | 1.0.1 | 3.00 | 44.00 | 47.00 | NOTE | |
r-patched-linux-x86_64 | 1.0.1 | 2.30 | 23.49 | 25.79 | NOTE | |
r-release-linux-x86_64 | 1.0.1 | 2.02 | 23.29 | 25.31 | NOTE | |
r-release-macos-arm64 | 1.0.1 | 17.00 | NOTE | |||
r-release-macos-x86_64 | 1.0.1 | 24.00 | NOTE | |||
r-release-windows-x86_64 | 1.0.1 | 4.00 | 45.00 | 49.00 | NOTE | |
r-oldrel-macos-arm64 | 1.0.1 | 20.00 | NOTE | |||
r-oldrel-macos-x86_64 | 1.0.1 | 25.00 | NOTE | |||
r-oldrel-windows-x86_64 | 1.0.1 | 4.00 | 46.00 | 50.00 | NOTE |
Version: 1.0.1
Check: LazyData
Result: NOTE
'LazyData' is specified without a 'data' directory
Flavors: r-devel-linux-x86_64-debian-clang, r-devel-linux-x86_64-debian-gcc, r-devel-linux-x86_64-fedora-clang, r-devel-linux-x86_64-fedora-gcc, r-devel-windows-x86_64, r-patched-linux-x86_64, r-release-linux-x86_64, r-release-macos-arm64, r-release-macos-x86_64, r-release-windows-x86_64, r-oldrel-macos-arm64, r-oldrel-macos-x86_64, r-oldrel-windows-x86_64