Last updated on 2024-08-07 00:49:22 CEST.
Flavor | Version | Tinstall | Tcheck | Ttotal | Status | Flags |
---|---|---|---|---|---|---|
r-devel-linux-x86_64-debian-clang | 1.18 | 23.76 | 255.88 | 279.64 | NOTE | |
r-devel-linux-x86_64-debian-gcc | 1.18 | 14.19 | 162.02 | 176.21 | NOTE | |
r-devel-linux-x86_64-fedora-clang | 1.18 | 465.98 | NOTE | |||
r-devel-linux-x86_64-fedora-gcc | 1.18 | 435.26 | NOTE | |||
r-devel-windows-x86_64 | 1.18 | 26.00 | 262.00 | 288.00 | NOTE | |
r-patched-linux-x86_64 | 1.18 | 21.75 | 241.75 | 263.50 | NOTE | |
r-release-linux-x86_64 | 1.18 | 23.46 | 241.39 | 264.85 | NOTE | |
r-release-macos-arm64 | 1.18 | 105.00 | NOTE | |||
r-release-macos-x86_64 | 1.18 | 164.00 | NOTE | |||
r-release-windows-x86_64 | 1.18 | 26.00 | 268.00 | 294.00 | NOTE | |
r-oldrel-macos-arm64 | 1.18 | 95.00 | OK | |||
r-oldrel-macos-x86_64 | 1.18 | 242.00 | OK | |||
r-oldrel-windows-x86_64 | 1.18 | 36.00 | 333.00 | 369.00 | OK |
Version: 1.18
Check: Rd files
Result: NOTE
checkRd: (-1) svr.df.Rd:13: Lost braces
13 | \item{z}{the vector of zi = min{Xi, Yi}}
| ^
Flavors: r-devel-linux-x86_64-debian-clang, r-devel-linux-x86_64-debian-gcc, r-devel-linux-x86_64-fedora-clang, r-devel-linux-x86_64-fedora-gcc, r-devel-windows-x86_64, r-patched-linux-x86_64, r-release-linux-x86_64, r-release-macos-arm64, r-release-macos-x86_64, r-release-windows-x86_64