Last updated on 2024-08-07 00:49:22 CEST.
Flavor | Version | Tinstall | Tcheck | Ttotal | Status | Flags |
---|---|---|---|---|---|---|
r-devel-linux-x86_64-debian-clang | 0.2 | 5.46 | 44.44 | 49.90 | NOTE | |
r-devel-linux-x86_64-debian-gcc | 0.2 | 4.15 | 33.86 | 38.01 | NOTE | |
r-devel-linux-x86_64-fedora-clang | 0.2 | 80.68 | NOTE | |||
r-devel-linux-x86_64-fedora-gcc | 0.2 | 73.72 | NOTE | |||
r-devel-windows-x86_64 | 0.2 | 6.00 | 65.00 | 71.00 | NOTE | |
r-patched-linux-x86_64 | 0.2 | 5.23 | 42.87 | 48.10 | NOTE | |
r-release-linux-x86_64 | 0.2 | 5.05 | 43.49 | 48.54 | NOTE | |
r-release-macos-arm64 | 0.2 | 26.00 | NOTE | |||
r-release-macos-x86_64 | 0.2 | 44.00 | NOTE | |||
r-release-windows-x86_64 | 0.2 | 7.00 | 63.00 | 70.00 | NOTE | |
r-oldrel-macos-arm64 | 0.2 | 28.00 | NOTE | |||
r-oldrel-macos-x86_64 | 0.2 | 43.00 | NOTE | |||
r-oldrel-windows-x86_64 | 0.2 | 8.00 | 68.00 | 76.00 | NOTE |
Version: 0.2
Check: package dependencies
Result: NOTE
Package which this enhances but not available for checking: ‘jpndistrict’
Flavors: r-devel-linux-x86_64-debian-clang, r-devel-linux-x86_64-debian-gcc, r-devel-linux-x86_64-fedora-clang, r-devel-linux-x86_64-fedora-gcc, r-devel-windows-x86_64, r-patched-linux-x86_64, r-release-linux-x86_64, r-release-macos-arm64, r-release-macos-x86_64, r-release-windows-x86_64, r-oldrel-macos-arm64, r-oldrel-macos-x86_64, r-oldrel-windows-x86_64
Version: 0.2
Check: Rd cross-references
Result: NOTE
Undeclared packages ‘cshapes’, ‘mapdata’ in Rd xrefs
Flavor: r-devel-linux-x86_64-fedora-clang