Last updated on 2024-08-07 00:49:22 CEST.
Flavor | Version | Tinstall | Tcheck | Ttotal | Status | Flags |
---|---|---|---|---|---|---|
r-devel-linux-x86_64-debian-clang | 0.1.2 | 8.10 | 61.96 | 70.06 | OK | |
r-devel-linux-x86_64-debian-gcc | 0.1.2 | 5.69 | 43.99 | 49.68 | OK | |
r-devel-linux-x86_64-fedora-clang | 0.1.2 | 118.86 | OK | |||
r-devel-linux-x86_64-fedora-gcc | 0.1.2 | 104.38 | OK | |||
r-devel-windows-x86_64 | 0.1.2 | 8.00 | 78.00 | 86.00 | OK | |
r-patched-linux-x86_64 | 0.1.2 | 7.56 | 59.06 | 66.62 | OK | |
r-release-linux-x86_64 | 0.1.2 | 6.62 | 59.19 | 65.81 | OK | |
r-release-macos-arm64 | 0.1.2 | 33.00 | OK | |||
r-release-macos-x86_64 | 0.1.2 | 110.00 | OK | |||
r-release-windows-x86_64 | 0.1.2 | 9.00 | 78.00 | 87.00 | OK | |
r-oldrel-macos-arm64 | 0.1.2 | 37.00 | WARN | |||
r-oldrel-macos-x86_64 | 0.1.2 | 137.00 | OK | |||
r-oldrel-windows-x86_64 | 0.1.2 | 11.00 | 87.00 | 98.00 | OK |
Version: 0.1.2
Check: replacement functions
Result: WARN
Fatal error: cannot create 'R_TempDir'
The argument of a replacement function which corresponds to the right
hand side must be named ‘value’.
Flavor: r-oldrel-macos-arm64
Version: 0.1.2
Check: foreign function calls
Result: NOTE
Warning in file(open = "w+") :
cannot open file '/var/folders/k4/0jwzxmln0nb8y6rkzprptb640000gq/T//RtmpYdXjvw/Rfee3b1220180e': No space left on device
Error in file(open = "w+") : cannot open the connection
Calls: <Anonymous> -> .load_namespace_quietly -> .try_quietly -> file
Execution halted
See chapter ‘System and foreign language interfaces’ in the ‘Writing R
Extensions’ manual.
Flavor: r-oldrel-macos-arm64