Last updated on 2024-08-07 00:49:23 CEST.
Flavor | Version | Tinstall | Tcheck | Ttotal | Status | Flags |
---|---|---|---|---|---|---|
r-devel-linux-x86_64-debian-clang | 1.0 | 7.36 | 43.89 | 51.25 | NOTE | |
r-devel-linux-x86_64-debian-gcc | 1.0 | 4.95 | 31.42 | 36.37 | NOTE | |
r-devel-linux-x86_64-fedora-clang | 1.0 | 87.82 | NOTE | |||
r-devel-linux-x86_64-fedora-gcc | 1.0 | 77.76 | NOTE | |||
r-devel-windows-x86_64 | 1.0 | 8.00 | 64.00 | 72.00 | NOTE | |
r-patched-linux-x86_64 | 1.0 | 7.49 | 43.11 | 50.60 | NOTE | |
r-release-linux-x86_64 | 1.0 | 6.83 | 42.55 | 49.38 | NOTE | |
r-release-macos-arm64 | 1.0 | 27.00 | NOTE | |||
r-release-macos-x86_64 | 1.0 | 38.00 | NOTE | |||
r-release-windows-x86_64 | 1.0 | 9.00 | 65.00 | 74.00 | NOTE | |
r-oldrel-macos-arm64 | 1.0 | 19.00 | NOTE | |||
r-oldrel-macos-x86_64 | 1.0 | 24.00 | NOTE | |||
r-oldrel-windows-x86_64 | 1.0 | 10.00 | 70.00 | 80.00 | NOTE |
Version: 1.0
Check: LazyData
Result: NOTE
'LazyData' is specified without a 'data' directory
Flavors: r-devel-linux-x86_64-debian-clang, r-devel-linux-x86_64-debian-gcc, r-devel-linux-x86_64-fedora-clang, r-devel-linux-x86_64-fedora-gcc, r-devel-windows-x86_64, r-patched-linux-x86_64, r-release-linux-x86_64, r-release-macos-arm64, r-release-macos-x86_64, r-release-windows-x86_64, r-oldrel-macos-arm64, r-oldrel-macos-x86_64, r-oldrel-windows-x86_64